Last updated on 2023-12-08 19:51:51 CET.
Flavor | Version | Tinstall | Tcheck | Ttotal | Status | Flags |
---|---|---|---|---|---|---|
r-devel-linux-x86_64-debian-clang | 0.3.35 | 138.68 | 42.22 | 180.90 | OK | |
r-devel-linux-x86_64-debian-gcc | 0.3.35 | 104.64 | 33.51 | 138.15 | OK | |
r-devel-linux-x86_64-fedora-clang | 0.3.35 | 242.60 | OK | |||
r-devel-linux-x86_64-fedora-gcc | 0.3.35 | 240.40 | OK | |||
r-devel-windows-x86_64 | 0.3.35 | 92.00 | 80.00 | 172.00 | OK | |
r-patched-linux-x86_64 | 0.3.35 | 139.11 | 41.84 | 180.95 | OK | |
r-release-linux-x86_64 | 0.3.35 | 135.04 | 41.97 | 177.01 | OK | |
r-release-macos-arm64 | 0.3.35 | 64.00 | NOTE | |||
r-release-macos-x86_64 | 0.3.35 | 132.00 | NOTE | |||
r-release-windows-x86_64 | 0.3.35 | 88.00 | 94.00 | 182.00 | OK | |
r-oldrel-macos-arm64 | 0.3.35 | 64.00 | NOTE | |||
r-oldrel-macos-x86_64 | 0.3.35 | 91.00 | NOTE | |||
r-oldrel-windows-x86_64 | 0.3.35 | 79.00 | 90.00 | 169.00 | OK |
Version: 0.3.35
Check: installed package size
Result: NOTE
installed size is 7.6Mb
sub-directories of 1Mb or more:
libs 7.3Mb
Flavors: r-release-macos-arm64, r-release-macos-x86_64, r-oldrel-macos-arm64, r-oldrel-macos-x86_64