CRAN Package Check Results for Package safedata

Last updated on 2022-08-12 09:52:13 CEST.

Flavor Version Tinstall Tcheck Ttotal Status Flags
r-devel-linux-x86_64-debian-clang 1.1.1 4.37 62.42 66.79 ERROR
r-devel-linux-x86_64-debian-gcc 1.1.1 3.31 46.15 49.46 OK
r-devel-linux-x86_64-fedora-clang 1.1.2 92.28 OK
r-devel-linux-x86_64-fedora-gcc 1.1.2 91.31 OK
r-devel-windows-x86_64 1.1.2 35.00 103.00 138.00 OK
r-patched-linux-x86_64 1.1.1 4.46 58.57 63.03 ERROR
r-release-linux-x86_64 1.1.1 4.13 57.98 62.11 ERROR
r-release-macos-arm64 1.1.1 50.00 OK
r-release-macos-x86_64 1.1.1 66.00 OK
r-release-windows-x86_64 1.1.1 35.00 254.00 289.00 ERROR
r-oldrel-macos-arm64 1.1.1 51.00 OK
r-oldrel-macos-x86_64 1.1.1 65.00 OK
r-oldrel-windows-ix86+x86_64 1.1.1 10.00 245.00 255.00 ERROR

Check Details

Version: 1.1.1
Check: tests
Result: ERROR
     Running 'testthat.R' [7s/175s]
    Running the tests in 'tests/testthat.R' failed.
    Complete output:
     > library(testthat)
     > library(safedata)
     SAFE package reminder: Please set SAFE data directory using set_safe_dir()
     >
     > test_check("safedata")
     [ FAIL 2 | WARN 0 | SKIP 3 | PASS 46 ]
    
     == Skipped tests ===============================================================
     * On CRAN (3)
    
     == Failed tests ================================================================
     -- Failure (test-load_safe.R:65:5): Download dataset fails gracefully on Zenodo down --
     `download_safe_files(1198475, confirm = FALSE)` produced unexpected messages.
     Expected match: Failed to download data:
     Actual values:
     * 1 files requested from 1 records
     - 0 local (0 bytes)
     - 0 embargoed or restricted (0 bytes)
     - 1 to download (34.4 Kb)
    
     * Downloading 1 record metadata files
    
    
     * Failed to download metadata: 1198475
    
     * URL timed out
    
     * Could not download metadata, aborting download:
    
     *
    
     -- Failure (test-load_safe.R:71:5): Download dataset fails gracefully on Zenodo down --
     `success` has length 1, not length 0.
    
     [ FAIL 2 | WARN 0 | SKIP 3 | PASS 46 ]
     Error: Test failures
     Execution halted
Flavor: r-devel-linux-x86_64-debian-clang

Version: 1.1.1
Check: tests
Result: ERROR
     Running ‘testthat.R’ [6s/171s]
    Running the tests in ‘tests/testthat.R’ failed.
    Complete output:
     > library(testthat)
     > library(safedata)
     SAFE package reminder: Please set SAFE data directory using set_safe_dir()
     >
     > test_check("safedata")
     [ FAIL 2 | WARN 0 | SKIP 3 | PASS 46 ]
    
     ══ Skipped tests ═══════════════════════════════════════════════════════════════
     • On CRAN (3)
    
     ══ Failed tests ════════════════════════════════════════════════════════════════
     ── Failure (test-load_safe.R:65:5): Download dataset fails gracefully on Zenodo down ──
     `download_safe_files(1198475, confirm = FALSE)` produced unexpected messages.
     Expected match: Failed to download data:
     Actual values:
     * 1 files requested from 1 records
     - 0 local (0 bytes)
     - 0 embargoed or restricted (0 bytes)
     - 1 to download (34.4 Kb)
    
     * Downloading 1 record metadata files
    
    
     * Failed to download metadata: 1198475
    
     * URL timed out
    
     * Could not download metadata, aborting download:
    
     *
    
     ── Failure (test-load_safe.R:71:5): Download dataset fails gracefully on Zenodo down ──
     `success` has length 1, not length 0.
    
     [ FAIL 2 | WARN 0 | SKIP 3 | PASS 46 ]
     Error: Test failures
     Execution halted
Flavors: r-patched-linux-x86_64, r-release-linux-x86_64

Version: 1.1.1
Check: tests
Result: ERROR
     Running 'testthat.R' [169s]
    Running the tests in 'tests/testthat.R' failed.
    Complete output:
     > library(testthat)
     > library(safedata)
     SAFE package reminder: Please set SAFE data directory using set_safe_dir()
     >
     > test_check("safedata")
     [ FAIL 2 | WARN 0 | SKIP 3 | PASS 46 ]
    
     ══ Skipped tests ═══════════════════════════════════════════════════════════════
     • On CRAN (3)
    
     ══ Failed tests ════════════════════════════════════════════════════════════════
     ── Failure (test-load_safe.R:65:5): Download dataset fails gracefully on Zenodo down ──
     `download_safe_files(1198475, confirm = FALSE)` produced unexpected messages.
     Expected match: Failed to download data:
     Actual values:
     * 1 files requested from 1 records
     - 0 local (0 bytes)
     - 0 embargoed or restricted (0 bytes)
     - 1 to download (34.4 Kb)
    
     * Downloading 1 record metadata files
    
    
     * Failed to download metadata: 1198475
    
     * URL timed out
    
     * Could not download metadata, aborting download:
    
     *
    
     ── Failure (test-load_safe.R:71:5): Download dataset fails gracefully on Zenodo down ──
     `success` has length 1, not length 0.
    
     [ FAIL 2 | WARN 0 | SKIP 3 | PASS 46 ]
     Error: Test failures
     Execution halted
Flavor: r-release-windows-x86_64

Version: 1.1.1
Check: tests
Result: ERROR
     Running 'testthat.R' [171s]
    Running the tests in 'tests/testthat.R' failed.
    Complete output:
     > library(testthat)
     > library(safedata)
     SAFE package reminder: Please set SAFE data directory using set_safe_dir()
     >
     > test_check("safedata")
     [ FAIL 2 | WARN 0 | SKIP 3 | PASS 46 ]
    
     == Skipped tests ===============================================================
     * On CRAN (3)
    
     == Failed tests ================================================================
     -- Failure (test-load_safe.R:65:5): Download dataset fails gracefully on Zenodo down --
     `download_safe_files(1198475, confirm = FALSE)` produced unexpected messages.
     Expected match: Failed to download data:
     Actual values:
     * 1 files requested from 1 records
     - 0 local (0 bytes)
     - 0 embargoed or restricted (0 bytes)
     - 1 to download (34.4 Kb)
    
     * Downloading 1 record metadata files
    
    
     * Failed to download metadata: 1198475
    
     * URL timed out
    
     * Could not download metadata, aborting download:
    
     *
    
     -- Failure (test-load_safe.R:71:5): Download dataset fails gracefully on Zenodo down --
     `success` has length 1, not length 0.
    
     [ FAIL 2 | WARN 0 | SKIP 3 | PASS 46 ]
     Error: Test failures
     Execution halted
Flavor: r-oldrel-windows-ix86+x86_64