Last updated on 2022-06-28 14:51:17 CEST.
Flavor | Version | Tinstall | Tcheck | Ttotal | Status | Flags |
---|---|---|---|---|---|---|
r-devel-linux-x86_64-debian-clang | 0.11.0 | 35.74 | 359.71 | 395.45 | OK | |
r-devel-linux-x86_64-debian-gcc | 0.11.0 | 27.61 | 261.48 | 289.09 | OK | |
r-devel-linux-x86_64-fedora-clang | 0.11.0 | 460.75 | NOTE | |||
r-devel-linux-x86_64-fedora-gcc | 0.11.0 | 466.04 | OK | |||
r-devel-windows-x86_64 | 0.11.0 | 49.00 | 365.00 | 414.00 | OK | |
r-patched-linux-x86_64 | 0.11.0 | 35.19 | 341.22 | 376.41 | OK | |
r-release-linux-x86_64 | 0.11.0 | 35.64 | 344.64 | 380.28 | OK | |
r-release-macos-arm64 | 0.11.0 | 108.00 | OK | |||
r-release-macos-x86_64 | 0.11.0 | 200.00 | OK | |||
r-release-windows-x86_64 | 0.11.0 | 53.00 | 357.00 | 410.00 | OK | |
r-oldrel-macos-arm64 | 0.11.0 | 88.00 | OK | |||
r-oldrel-macos-x86_64 | 0.11.0 | 134.00 | OK | |||
r-oldrel-windows-ix86+x86_64 | 0.11.0 | 78.00 | 380.00 | 458.00 | OK |
Version: 0.11.0
Check: Rd cross-references
Result: NOTE
Undeclared package ‘magrittr’ in Rd xrefs
Flavor: r-devel-linux-x86_64-fedora-clang