CRAN Package Check Results for Package saeRobust

Last updated on 2021-06-16 23:49:36 CEST.

Flavor Version Tinstall Tcheck Ttotal Status Flags
r-devel-linux-x86_64-debian-clang 0.2.0 51.79 204.30 256.09 NOTE
r-devel-linux-x86_64-debian-gcc 0.2.0 33.61 152.95 186.56 NOTE
r-devel-linux-x86_64-fedora-clang 0.2.0 313.49 NOTE
r-devel-linux-x86_64-fedora-gcc 0.2.0 298.96 NOTE
r-devel-windows-x86_64 0.2.0 68.00 226.00 294.00 NOTE
r-devel-windows-x86_64-gcc10-UCRT 0.2.0 ERROR
r-patched-linux-x86_64 0.2.0 43.75 195.53 239.28 NOTE
r-patched-solaris-x86 0.2.0 359.90 NOTE
r-release-linux-x86_64 0.2.0 38.55 196.38 234.93 NOTE
r-release-macos-arm64 0.2.0 NOTE
r-release-macos-x86_64 0.2.0 NOTE
r-release-windows-ix86+x86_64 0.2.0 119.00 392.00 511.00 NOTE
r-oldrel-macos-x86_64 0.2.0 OK
r-oldrel-windows-ix86+x86_64 0.2.0 92.00 406.00 498.00 OK

Check Details

Version: 0.2.0
Check: LazyData
Result: NOTE
     'LazyData' is specified without a 'data' directory
Flavors: r-devel-linux-x86_64-debian-clang, r-devel-linux-x86_64-debian-gcc, r-devel-linux-x86_64-fedora-clang, r-devel-linux-x86_64-fedora-gcc, r-devel-windows-x86_64, r-patched-linux-x86_64, r-patched-solaris-x86, r-release-linux-x86_64, r-release-macos-arm64, r-release-macos-x86_64, r-release-windows-ix86+x86_64

Version: 0.2.0
Check: package dependencies
Result: ERROR
    Package required but not available: 'spdep'
    
    Package suggested but not available for checking: 'saeSim'
    
    See section 'The DESCRIPTION file' in the 'Writing R Extensions'
    manual.
Flavor: r-devel-windows-x86_64-gcc10-UCRT