CRAN Package Check Results for Package saeMSPE

Last updated on 2024-02-29 19:12:34 CET.

Flavor Version Tinstall Tcheck Ttotal Status Flags
r-devel-linux-x86_64-debian-clang 1.2 60.06 75.16 135.22 NOTE
r-devel-linux-x86_64-debian-gcc 1.2 47.76 56.77 104.53 NOTE
r-devel-linux-x86_64-fedora-clang 1.2 169.91 NOTE
r-devel-linux-x86_64-fedora-gcc 1.2 177.85 NOTE
r-devel-windows-x86_64 1.2 45.00 95.00 140.00 NOTE
r-patched-linux-x86_64 1.2 60.27 73.57 133.84 NOTE
r-release-linux-x86_64 1.2 55.41 72.62 128.03 NOTE
r-release-macos-arm64 1.2 55.00 NOTE
r-release-macos-x86_64 1.2 87.00 NOTE
r-release-windows-x86_64 1.2 57.00 114.00 171.00 NOTE
r-oldrel-macos-arm64 1.2 50.00 NOTE
r-oldrel-windows-x86_64 1.2 56.00 112.00 168.00 OK

Check Details

Version: 1.2
Check: C++ specification
Result: NOTE Specified C++11: please drop specification unless essential Flavors: r-devel-linux-x86_64-debian-clang, r-devel-linux-x86_64-debian-gcc, r-devel-linux-x86_64-fedora-clang, r-devel-linux-x86_64-fedora-gcc, r-devel-windows-x86_64, r-patched-linux-x86_64, r-release-linux-x86_64, r-release-macos-arm64, r-release-macos-x86_64, r-release-windows-x86_64

Version: 1.2
Check: installed package size
Result: NOTE installed size is 7.2Mb sub-directories of 1Mb or more: libs 6.9Mb Flavors: r-release-macos-arm64, r-release-macos-x86_64, r-oldrel-macos-arm64