CRAN Package Check Results for Package sGMRFmix

Last updated on 2021-06-17 20:52:09 CEST.

Flavor Version Tinstall Tcheck Ttotal Status Flags
r-devel-linux-x86_64-debian-clang 0.3.0 6.34 636.50 642.84 NOTE
r-devel-linux-x86_64-debian-gcc 0.3.0 4.52 389.01 393.53 NOTE
r-devel-linux-x86_64-fedora-clang 0.3.0 710.80 NOTE
r-devel-linux-x86_64-fedora-gcc 0.3.0 699.72 NOTE
r-devel-windows-x86_64 0.3.0 10.00 681.00 691.00 NOTE
r-devel-windows-x86_64-gcc10-UCRT 0.3.0 NOTE
r-patched-linux-x86_64 0.3.0 5.69 573.99 579.68 NOTE
r-patched-solaris-x86 0.3.0 889.10 NOTE
r-release-linux-x86_64 0.3.0 4.76 572.84 577.60 NOTE
r-release-macos-arm64 0.3.0 NOTE
r-release-macos-x86_64 0.3.0 NOTE
r-release-windows-ix86+x86_64 0.3.0 14.00 696.00 710.00 NOTE
r-oldrel-macos-x86_64 0.3.0 OK
r-oldrel-windows-ix86+x86_64 0.3.0 11.00 683.00 694.00 OK

Check Details

Version: 0.3.0
Check: LazyData
Result: NOTE
     'LazyData' is specified without a 'data' directory
Flavors: r-devel-linux-x86_64-debian-clang, r-devel-linux-x86_64-debian-gcc, r-devel-linux-x86_64-fedora-clang, r-devel-linux-x86_64-fedora-gcc, r-devel-windows-x86_64, r-devel-windows-x86_64-gcc10-UCRT, r-patched-linux-x86_64, r-patched-solaris-x86, r-release-linux-x86_64, r-release-macos-arm64, r-release-macos-x86_64, r-release-windows-ix86+x86_64