CRAN Package Check Results for Package s2

Last updated on 2020-10-27 17:52:53 CET.

Flavor Version Tinstall Tcheck Ttotal Status Flags
r-devel-linux-x86_64-debian-clang 1.0.3 476.16 41.92 518.08 OK
r-devel-linux-x86_64-debian-gcc 1.0.3 386.30 33.30 419.60 OK
r-devel-linux-x86_64-fedora-clang 1.0.3 773.07 NOTE
r-devel-linux-x86_64-fedora-gcc 1.0.3 698.99 NOTE
r-devel-windows-ix86+x86_64 1.0.3 1166.00 118.00 1284.00 NOTE
r-patched-linux-x86_64 1.0.3 OK
r-patched-solaris-x86 1.0.3 533.70 NOTE
r-release-linux-x86_64 1.0.3 480.46 40.99 521.45 OK
r-release-macos-x86_64 1.0.3 NOTE
r-release-windows-ix86+x86_64 1.0.3 940.00 101.00 1041.00 NOTE
r-oldrel-macos-x86_64 1.0.3 NOTE
r-oldrel-windows-ix86+x86_64 1.0.3 1047.00 128.00 1175.00 NOTE

Additional issues

gcc11

Check Details

Version: 1.0.3
Check: installed package size
Result: NOTE
     installed size is 36.4Mb
     sub-directories of 1Mb or more:
     include 2.5Mb
     libs 32.9Mb
Flavors: r-devel-linux-x86_64-fedora-clang, r-devel-windows-ix86+x86_64, r-patched-solaris-x86, r-release-macos-x86_64, r-release-windows-ix86+x86_64, r-oldrel-macos-x86_64, r-oldrel-windows-ix86+x86_64

Version: 1.0.3
Check: top-level files
Result: NOTE
    ‘configure’: ‘env bash’ is not portable as bash need not be installed
Flavors: r-devel-linux-x86_64-fedora-clang, r-devel-linux-x86_64-fedora-gcc