Last updated on 2023-06-09 11:57:35 CEST.
Flavor | Version | Tinstall | Tcheck | Ttotal | Status | Flags |
---|---|---|---|---|---|---|
r-devel-linux-x86_64-debian-clang | 1.1.4 | 654.39 | 81.22 | 735.61 | NOTE | |
r-devel-linux-x86_64-debian-gcc | 1.1.4 | 595.55 | 55.07 | 650.62 | NOTE | |
r-devel-linux-x86_64-fedora-clang | 1.1.4 | 1345.31 | NOTE | |||
r-devel-linux-x86_64-fedora-gcc | 1.1.4 | 1279.79 | NOTE | |||
r-devel-windows-x86_64 | 1.1.4 | 610.00 | 148.00 | 758.00 | NOTE | |
r-patched-linux-x86_64 | 1.1.4 | 599.99 | 69.14 | 669.13 | NOTE | |
r-release-linux-x86_64 | 1.1.4 | 596.02 | 68.65 | 664.67 | NOTE | |
r-release-macos-arm64 | 1.1.4 | 221.00 | NOTE | |||
r-release-macos-x86_64 | 1.1.2 | 442.00 | NOTE | |||
r-release-windows-x86_64 | 1.1.4 | 767.00 | 180.00 | 947.00 | NOTE | |
r-oldrel-macos-arm64 | 1.1.4 | 223.00 | NOTE | |||
r-oldrel-macos-x86_64 | 1.1.4 | 271.00 | NOTE | |||
r-oldrel-windows-x86_64 | 1.1.4 | 684.00 | 154.00 | 838.00 | NOTE |
Version: 1.1.4
Check: C++ specification
Result: NOTE
Specified C++11: please drop specification unless essential
Flavors: r-devel-linux-x86_64-debian-clang, r-devel-linux-x86_64-debian-gcc, r-devel-linux-x86_64-fedora-clang, r-devel-linux-x86_64-fedora-gcc, r-devel-windows-x86_64, r-patched-linux-x86_64, r-release-linux-x86_64, r-release-macos-arm64, r-release-windows-x86_64
Version: 1.1.4
Check: Rd cross-references
Result: NOTE
Undeclared package ‘sf’ in Rd xrefs
Flavor: r-devel-linux-x86_64-fedora-clang
Version: 1.1.4
Check: installed package size
Result: NOTE
installed size is 6.5Mb
sub-directories of 1Mb or more:
libs 5.4Mb
Flavors: r-devel-windows-x86_64, r-release-macos-arm64, r-release-windows-x86_64, r-oldrel-macos-arm64, r-oldrel-macos-x86_64, r-oldrel-windows-x86_64
Version: 1.1.2
Check: C++ specification
Result: NOTE
Specified C++11: please drop specification unless essential
Flavor: r-release-macos-x86_64
Version: 1.1.2
Check: installed package size
Result: NOTE
installed size is 37.8Mb
sub-directories of 1Mb or more:
libs 36.7Mb
Flavor: r-release-macos-x86_64