Last updated on 2023-01-28 15:50:39 CET.
Flavor | Version | Tinstall | Tcheck | Ttotal | Status | Flags |
---|---|---|---|---|---|---|
r-devel-linux-x86_64-debian-clang | 1.1.2 | 676.19 | 81.88 | 758.07 | OK | |
r-devel-linux-x86_64-debian-gcc | 1.1.2 | 592.50 | 54.09 | 646.59 | NOTE | |
r-devel-linux-x86_64-fedora-clang | 1.1.2 | 1259.72 | NOTE | |||
r-devel-linux-x86_64-fedora-gcc | 1.1.2 | 1144.57 | NOTE | |||
r-patched-linux-x86_64 | 1.1.2 | 596.44 | 67.18 | 663.62 | OK | |
r-release-linux-x86_64 | 1.1.2 | 592.72 | 67.97 | 660.69 | OK | |
r-release-macos-arm64 | 1.1.2 | 211.00 | NOTE | |||
r-release-macos-x86_64 | 1.1.2 | 298.00 | NOTE | |||
r-release-windows-x86_64 | 1.1.2 | 868.00 | 180.00 | 1048.00 | NOTE | |
r-oldrel-macos-arm64 | 1.1.2 | 165.00 | NOTE | |||
r-oldrel-macos-x86_64 | 1.1.2 | 300.00 | NOTE | |||
r-oldrel-windows-ix86+x86_64 | 1.1.2 | 1609.00 | 229.00 | 1838.00 | NOTE |
Version: 1.1.2
Check: C++ specification
Result: NOTE
Specified C++11: please update to current default of C++17
Flavors: r-devel-linux-x86_64-debian-gcc, r-devel-linux-x86_64-fedora-clang, r-devel-linux-x86_64-fedora-gcc
Version: 1.1.2
Check: Rd cross-references
Result: NOTE
Undeclared package ‘sf’ in Rd xrefs
Flavor: r-devel-linux-x86_64-fedora-clang
Version: 1.1.2
Check: installed package size
Result: NOTE
installed size is 37.9Mb
sub-directories of 1Mb or more:
libs 36.8Mb
Flavors: r-release-macos-arm64, r-release-macos-x86_64, r-release-windows-x86_64, r-oldrel-macos-arm64, r-oldrel-macos-x86_64, r-oldrel-windows-ix86+x86_64