Last updated on 2022-06-28 12:52:36 CEST.
Flavor | Version | Tinstall | Tcheck | Ttotal | Status | Flags |
---|---|---|---|---|---|---|
r-devel-linux-x86_64-debian-clang | 0.2.1 | 6.28 | 55.57 | 61.85 | OK | |
r-devel-linux-x86_64-debian-gcc | 0.2.1 | 5.33 | 40.69 | 46.02 | OK | |
r-devel-linux-x86_64-fedora-clang | 0.2.1 | 83.78 | NOTE | |||
r-devel-linux-x86_64-fedora-gcc | 0.2.1 | 82.42 | OK | |||
r-devel-windows-x86_64 | 0.2.1 | 19.00 | 79.00 | 98.00 | OK | |
r-patched-linux-x86_64 | 0.2.1 | 4.87 | 52.26 | 57.13 | OK | |
r-release-linux-x86_64 | 0.2.1 | 4.45 | 52.16 | 56.61 | OK | |
r-release-macos-arm64 | 0.2.1 | 25.00 | OK | |||
r-release-macos-x86_64 | 0.2.1 | 40.00 | OK | |||
r-release-windows-x86_64 | 0.2.1 | 25.00 | 79.00 | 104.00 | OK | |
r-oldrel-macos-arm64 | 0.2.1 | 24.00 | OK | |||
r-oldrel-macos-x86_64 | 0.2.1 | 33.00 | OK | |||
r-oldrel-windows-ix86+x86_64 | 0.2.1 | 16.00 | 73.00 | 89.00 | OK |
Version: 0.2.1
Check: Rd cross-references
Result: NOTE
Undeclared package ‘jsonlite’ in Rd xrefs
Flavor: r-devel-linux-x86_64-fedora-clang