CRAN Package Check Results for Package rxode2parse

Last updated on 2024-03-02 00:53:37 CET.

Flavor Version Tinstall Tcheck Ttotal Status Flags
r-devel-linux-x86_64-debian-clang 2.0.18 252.63 54.31 306.94 OK
r-devel-linux-x86_64-debian-gcc 2.0.18 167.16 40.93 208.09 OK
r-devel-linux-x86_64-fedora-clang 2.0.18 368.32 OK
r-devel-linux-x86_64-fedora-gcc 2.0.18 301.03 OK
r-devel-windows-x86_64 2.0.18 138.00 101.00 239.00 OK
r-patched-linux-x86_64 2.0.18 191.61 51.87 243.48 OK
r-release-linux-x86_64 2.0.18 200.14 51.54 251.68 OK
r-release-macos-arm64 2.0.18 863.00 NOTE
r-release-macos-x86_64 2.0.18 240.00 NOTE
r-release-windows-x86_64 2.0.18 177.00 120.00 297.00 OK
r-oldrel-macos-arm64 2.0.18 831.00 NOTE
r-oldrel-windows-x86_64 2.0.18 170.00 103.00 273.00 OK

Check Details

Version: 2.0.18
Check: installed package size
Result: NOTE installed size is 32.5Mb sub-directories of 1Mb or more: libs 32.2Mb Flavors: r-release-macos-arm64, r-release-macos-x86_64, r-oldrel-macos-arm64