CRAN Package Check Results for Package rwebstat

Last updated on 2020-06-01 07:48:16 CEST.

Flavor Version Tinstall Tcheck Ttotal Status Flags
r-devel-linux-x86_64-debian-clang 1.1.0 5.59 41.97 47.56 OK
r-devel-linux-x86_64-debian-gcc 1.1.0 4.28 32.09 36.37 OK
r-devel-linux-x86_64-fedora-clang 1.1.0 64.45 NOTE
r-devel-linux-x86_64-fedora-gcc 1.1.0 54.44 NOTE
r-devel-windows-ix86+x86_64 1.1.0 18.00 93.00 111.00 OK
r-patched-linux-x86_64 1.1.0 5.41 42.21 47.62 OK
r-patched-solaris-x86 1.1.0 95.90 NOTE
r-release-linux-x86_64 1.1.0 4.65 42.84 47.49 OK
r-release-osx-x86_64 1.1.0 NOTE
r-release-windows-ix86+x86_64 1.1.0 13.00 151.00 164.00 OK
r-oldrel-osx-x86_64 1.1.0 NOTE
r-oldrel-windows-ix86+x86_64 1.1.0 11.00 56.00 67.00 OK

Check Details

Version: 1.1.0
Check: dependencies in R code
Result: NOTE
    Namespace in Imports field not imported from: ‘htmltools’
     All declared Imports should be used.
Flavors: r-devel-linux-x86_64-fedora-clang, r-devel-linux-x86_64-fedora-gcc, r-patched-solaris-x86, r-release-osx-x86_64, r-oldrel-osx-x86_64