Last updated on 2023-01-27 16:49:30 CET.
Flavor | Version | Tinstall | Tcheck | Ttotal | Status | Flags |
---|---|---|---|---|---|---|
r-devel-linux-x86_64-debian-clang | 0.1.2 | 4.21 | 40.09 | 44.30 | NOTE | |
r-devel-linux-x86_64-debian-gcc | 0.1.2 | 3.08 | 30.98 | 34.06 | NOTE | |
r-devel-linux-x86_64-fedora-clang | 0.1.2 | 55.06 | NOTE | |||
r-devel-linux-x86_64-fedora-gcc | 0.1.2 | 53.67 | NOTE | |||
r-patched-linux-x86_64 | 0.1.2 | 4.34 | 39.55 | 43.89 | OK | |
r-release-linux-x86_64 | 0.1.2 | 3.84 | 40.21 | 44.05 | OK | |
r-release-macos-arm64 | 0.1.2 | 18.00 | OK | |||
r-release-macos-x86_64 | 0.1.2 | 28.00 | OK | |||
r-release-windows-x86_64 | 0.1.2 | 17.00 | 64.00 | 81.00 | OK | |
r-oldrel-macos-arm64 | 0.1.2 | 22.00 | OK | |||
r-oldrel-macos-x86_64 | 0.1.2 | 37.00 | OK | |||
r-oldrel-windows-ix86+x86_64 | 0.1.2 | 8.00 | 68.00 | 76.00 | OK |
Version: 0.1.2
Check: package subdirectories
Result: NOTE
Problems with news in ‘NEWS.md’:
No news entries found.
Flavors: r-devel-linux-x86_64-debian-clang, r-devel-linux-x86_64-debian-gcc, r-devel-linux-x86_64-fedora-clang, r-devel-linux-x86_64-fedora-gcc