CRAN Package Check Results for Package rvest

Last updated on 2021-04-19 13:50:01 CEST.

Flavor Version Tinstall Tcheck Ttotal Status Flags
r-devel-linux-x86_64-debian-clang 1.0.0 3.55 43.53 47.08 NOTE
r-devel-linux-x86_64-debian-gcc 1.0.0 3.31 34.60 37.91 NOTE
r-devel-linux-x86_64-fedora-clang 1.0.0 66.82 NOTE
r-devel-linux-x86_64-fedora-gcc 1.0.0 60.11 NOTE
r-devel-windows-ix86+x86_64 1.0.0 9.00 58.00 67.00 NOTE
r-devel-windows-x86_64-gcc10-UCRT 1.0.0 NOTE
r-patched-linux-x86_64 1.0.0 4.49 42.86 47.35 OK
r-patched-solaris-x86 1.0.0 86.90 OK
r-release-linux-x86_64 1.0.0 3.96 42.47 46.43 OK
r-release-macos-x86_64 1.0.0 OK
r-release-windows-ix86+x86_64 1.0.0 9.00 62.00 71.00 OK
r-oldrel-macos-x86_64 1.0.0 ERROR
r-oldrel-windows-ix86+x86_64 1.0.0 6.00 69.00 75.00 OK

Check Details

Version: 1.0.0
Check: LazyData
Result: NOTE
     'LazyData' is specified without a 'data' directory
Flavors: r-devel-linux-x86_64-debian-clang, r-devel-linux-x86_64-debian-gcc, r-devel-linux-x86_64-fedora-clang, r-devel-linux-x86_64-fedora-gcc, r-devel-windows-ix86+x86_64, r-devel-windows-x86_64-gcc10-UCRT

Version: 1.0.0
Check: package dependencies
Result: NOTE
    Package suggested but not available for checking: ‘webfakes’
Flavor: r-oldrel-macos-x86_64

Version: 1.0.0
Check: tests
Result: ERROR
     Running ‘spelling.R’ [0s/0s]
     Running ‘testthat.R’ [4s/10s]
    Running the tests in ‘tests/testthat.R’ failed.
    Last 13 lines of output:
     Error: there is no package called 'webfakes'
     Backtrace:
     █
     1. └─webfakes::local_app_process test-session.R:89:2
     2. └─base::getExportedValue(pkg, name)
     3. └─base::asNamespace(ns)
     4. └─base::getNamespace(ns)
     5. └─base::loadNamespace(name)
     6. └─base::withRestarts(stop(cond), retry_loadNamespace = function() NULL)
     7. └─base:::withOneRestart(expr, restarts[[1L]])
     8. └─base:::doWithOneRestart(return(expr), restart)
    
     [ FAIL 2 | WARN 0 | SKIP 26 | PASS 90 ]
     Error: Test failures
     Execution halted
Flavor: r-oldrel-macos-x86_64