Last updated on 2023-06-05 21:59:18 CEST.
Flavor | Version | Tinstall | Tcheck | Ttotal | Status | Flags |
---|---|---|---|---|---|---|
r-devel-linux-x86_64-debian-clang | 1.0.3 | 6.19 | 53.03 | 59.22 | OK | |
r-devel-linux-x86_64-debian-gcc | 1.0.3 | 4.44 | 40.82 | 45.26 | OK | |
r-devel-linux-x86_64-fedora-clang | 1.0.3 | 76.04 | NOTE | |||
r-devel-linux-x86_64-fedora-gcc | 1.0.3 | 81.52 | NOTE | |||
r-devel-windows-x86_64 | 1.0.3 | 6.00 | 68.00 | 74.00 | OK | |
r-patched-linux-x86_64 | 1.0.3 | 4.32 | 51.56 | 55.88 | OK | |
r-release-linux-x86_64 | 1.0.3 | 5.71 | 50.67 | 56.38 | OK | |
r-release-macos-arm64 | 1.0.3 | 41.00 | OK | |||
r-release-macos-x86_64 | 1.0.3 | 54.00 | OK | |||
r-release-windows-x86_64 | 1.0.3 | 7.00 | 73.00 | 80.00 | OK | |
r-oldrel-macos-arm64 | 1.0.3 | 34.00 | NOTE | |||
r-oldrel-macos-x86_64 | 1.0.3 | 41.00 | NOTE | |||
r-oldrel-windows-x86_64 | 1.0.3 | 8.00 | 73.00 | 81.00 | OK |
Version: 1.0.3
Check: dependencies in R code
Result: NOTE
Namespaces in Imports field not imported from:
‘cli’ ‘withr’
All declared Imports should be used.
Flavors: r-devel-linux-x86_64-fedora-clang, r-devel-linux-x86_64-fedora-gcc, r-oldrel-macos-arm64, r-oldrel-macos-x86_64