Last updated on 2023-11-30 21:49:14 CET.
Flavor | Version | Tinstall | Tcheck | Ttotal | Status | Flags |
---|---|---|---|---|---|---|
r-devel-linux-x86_64-debian-clang | 2.3.5 | 6.66 | 65.54 | 72.20 | NOTE | |
r-devel-linux-x86_64-debian-gcc | 2.3.5 | 5.04 | 48.78 | 53.82 | NOTE | |
r-devel-linux-x86_64-fedora-clang | 2.3.5 | 91.38 | NOTE | |||
r-devel-linux-x86_64-fedora-gcc | 2.3.5 | 98.25 | NOTE | |||
r-devel-windows-x86_64 | 2.3.5 | 8.00 | 84.00 | 92.00 | NOTE | |
r-patched-linux-x86_64 | 2.3.5 | 10.19 | 62.06 | 72.25 | NOTE | |
r-release-linux-x86_64 | 2.3.5 | 5.28 | 61.85 | 67.13 | NOTE | |
r-release-macos-arm64 | 2.3.5 | 39.00 | OK | |||
r-release-macos-x86_64 | 2.3.5 | 57.00 | NOTE | |||
r-release-windows-x86_64 | 2.3.5 | 11.00 | 92.00 | 103.00 | NOTE | |
r-oldrel-macos-arm64 | 2.3.5 | 29.00 | OK | |||
r-oldrel-macos-x86_64 | 2.3.5 | 38.00 | OK | |||
r-oldrel-windows-x86_64 | 2.3.5 | 10.00 | 79.00 | 89.00 | OK |
Version: 2.3.5
Check: Rd \usage sections
Result: NOTE
Documented arguments not in \usage in Rd file 'summary.rv.Rd':
‘all.levels’
Functions with \usage entries need to have the appropriate \alias
entries, and all their arguments documented.
The \usage entries must correspond to syntactically valid R code.
See chapter ‘Writing R documentation files’ in the ‘Writing R
Extensions’ manual.
S3 methods shown with full name in Rd file 'matmult.Rd':
‘%*%.rv’
The \usage entries for S3 methods should use the \method markup and not
their full name.
See chapter ‘Writing R documentation files’ in the ‘Writing R
Extensions’ manual.
Flavors: r-devel-linux-x86_64-debian-clang, r-devel-linux-x86_64-debian-gcc, r-devel-linux-x86_64-fedora-clang, r-devel-linux-x86_64-fedora-gcc, r-devel-windows-x86_64
Version: 2.3.5
Check: Rd \usage sections
Result: NOTE
S3 methods shown with full name in documentation object 'matmult':
‘%*%.rv’
The \usage entries for S3 methods should use the \method markup and not
their full name.
See chapter ‘Writing R documentation files’ in the ‘Writing R
Extensions’ manual.
Flavors: r-patched-linux-x86_64, r-release-linux-x86_64, r-release-macos-x86_64, r-release-windows-x86_64