Last updated on 2023-06-05 13:57:02 CEST.
Flavor | Version | Tinstall | Tcheck | Ttotal | Status | Flags |
---|---|---|---|---|---|---|
r-devel-linux-x86_64-debian-clang | 2.3.5 | 8.80 | 63.85 | 72.65 | NOTE | |
r-devel-linux-x86_64-debian-gcc | 2.3.5 | 6.70 | 48.55 | 55.25 | NOTE | |
r-devel-linux-x86_64-fedora-clang | 2.3.5 | 94.59 | NOTE | |||
r-devel-linux-x86_64-fedora-gcc | 2.3.5 | 96.42 | NOTE | |||
r-devel-windows-x86_64 | 2.3.5 | 7.00 | 83.00 | 90.00 | NOTE | |
r-patched-linux-x86_64 | 2.3.5 | 8.64 | 61.55 | 70.19 | NOTE | |
r-release-linux-x86_64 | 2.3.5 | 5.53 | 61.68 | 67.21 | NOTE | |
r-release-macos-arm64 | 2.3.5 | 39.00 | OK | |||
r-release-macos-x86_64 | 2.3.5 | 57.00 | NOTE | |||
r-release-windows-x86_64 | 2.3.5 | 8.00 | 94.00 | 102.00 | NOTE | |
r-oldrel-macos-arm64 | 2.3.5 | 29.00 | OK | |||
r-oldrel-macos-x86_64 | 2.3.5 | 38.00 | OK | |||
r-oldrel-windows-x86_64 | 2.3.5 | 10.00 | 79.00 | 89.00 | OK |
Version: 2.3.5
Check: Rd \usage sections
Result: NOTE
S3 methods shown with full name in documentation object ‘matmult’:
‘%*%.rv’
The \usage entries for S3 methods should use the \method markup and not
their full name.
See chapter ‘Writing R documentation files’ in the ‘Writing R
Extensions’ manual.
Flavors: r-devel-linux-x86_64-debian-clang, r-devel-linux-x86_64-debian-gcc, r-devel-linux-x86_64-fedora-clang, r-devel-linux-x86_64-fedora-gcc, r-devel-windows-x86_64, r-patched-linux-x86_64, r-release-linux-x86_64, r-release-macos-x86_64, r-release-windows-x86_64