CRAN Package Check Results for Package rutifier

Last updated on 2022-05-17 00:51:20 CEST.

Flavor Version Tinstall Tcheck Ttotal Status Flags
r-devel-linux-x86_64-debian-clang 1.0.4 1.64 31.11 32.75 NOTE
r-devel-linux-x86_64-debian-gcc 1.0.4 1.64 24.05 25.69 NOTE
r-devel-linux-x86_64-fedora-clang 1.0.4 41.50 NOTE
r-devel-linux-x86_64-fedora-gcc 1.0.4 39.16 NOTE
r-devel-windows-x86_64 1.0.4 13.00 39.00 52.00 NOTE
r-patched-linux-x86_64 1.0.4 2.13 29.70 31.83 NOTE
r-release-linux-x86_64 1.0.4 2.08 30.20 32.28 NOTE
r-release-macos-arm64 1.0.4 16.00 NOTE
r-release-macos-x86_64 1.0.4 24.00 NOTE
r-release-windows-x86_64 1.0.4 16.00 45.00 61.00 NOTE
r-oldrel-macos-arm64 1.0.4 17.00 NOTE
r-oldrel-macos-x86_64 1.0.4 26.00 NOTE
r-oldrel-windows-ix86+x86_64 1.0.4 6.00 36.00 42.00 NOTE

Check Details

Version: 1.0.4
Check: LazyData
Result: NOTE
     'LazyData' is specified without a 'data' directory
Flavors: r-devel-linux-x86_64-debian-clang, r-devel-linux-x86_64-debian-gcc, r-devel-linux-x86_64-fedora-clang, r-devel-linux-x86_64-fedora-gcc, r-devel-windows-x86_64, r-patched-linux-x86_64, r-release-linux-x86_64, r-release-macos-arm64, r-release-macos-x86_64, r-release-windows-x86_64, r-oldrel-macos-arm64, r-oldrel-macos-x86_64, r-oldrel-windows-ix86+x86_64