CRAN Package Check Results for Package runstats

Last updated on 2023-12-10 07:49:51 CET.

Flavor Version Tinstall Tcheck Ttotal Status Flags
r-devel-linux-x86_64-debian-clang 1.1.0 3.16 35.49 38.65 NOTE
r-devel-linux-x86_64-debian-gcc 1.1.0 2.30 27.51 29.81 NOTE
r-devel-linux-x86_64-fedora-clang 1.1.0 48.44 NOTE
r-devel-linux-x86_64-fedora-gcc 1.1.0 58.13 NOTE
r-devel-windows-x86_64 1.1.0 4.00 52.00 56.00 NOTE
r-patched-linux-x86_64 1.1.0 3.09 34.48 37.57 NOTE
r-release-linux-x86_64 1.1.0 3.02 33.80 36.82 NOTE
r-release-macos-arm64 1.1.0 29.00 NOTE
r-release-macos-x86_64 1.1.0 36.00 NOTE
r-release-windows-x86_64 1.1.0 6.00 54.00 60.00 NOTE
r-oldrel-macos-arm64 1.1.0 25.00 NOTE
r-oldrel-macos-x86_64 1.1.0 36.00 NOTE
r-oldrel-windows-x86_64 1.1.0 5.00 53.00 58.00 NOTE

Check Details

Version: 1.1.0
Check: LazyData
Result: NOTE 'LazyData' is specified without a 'data' directory Flavors: r-devel-linux-x86_64-debian-clang, r-devel-linux-x86_64-debian-gcc, r-devel-linux-x86_64-fedora-clang, r-devel-linux-x86_64-fedora-gcc, r-devel-windows-x86_64, r-patched-linux-x86_64, r-release-linux-x86_64, r-release-macos-arm64, r-release-macos-x86_64, r-release-windows-x86_64, r-oldrel-macos-arm64, r-oldrel-macos-x86_64, r-oldrel-windows-x86_64

Version: 1.1.0
Check: installed package size
Result: NOTE installed size is 5.3Mb sub-directories of 1Mb or more: doc 4.7Mb Flavors: r-devel-linux-x86_64-fedora-clang, r-devel-windows-x86_64, r-release-macos-arm64, r-release-macos-x86_64, r-release-windows-x86_64, r-oldrel-macos-arm64, r-oldrel-macos-x86_64, r-oldrel-windows-x86_64