CRAN Package Check Results for Package runMCMCbtadjust

Last updated on 2024-06-22 03:49:41 CEST.

Flavor Version Tinstall Tcheck Ttotal Status Flags
r-devel-linux-x86_64-debian-clang 1.1.1 9.88 68.91 78.79 NOTE
r-devel-linux-x86_64-debian-gcc 1.1.1 7.58 51.33 58.91 NOTE
r-devel-linux-x86_64-fedora-clang 1.1.1 98.73 NOTE
r-devel-linux-x86_64-fedora-gcc 1.1.1 106.79 NOTE
r-devel-windows-x86_64 1.1.1 9.00 80.00 89.00 NOTE
r-patched-linux-x86_64 1.1.1 10.62 65.12 75.74 NOTE
r-release-linux-x86_64 1.1.1 9.17 66.92 76.09 NOTE
r-release-macos-arm64 1.1.1 48.00 NOTE
r-release-macos-x86_64 1.1.1 106.00 NOTE
r-release-windows-x86_64 1.1.1 8.00 81.00 89.00 NOTE
r-oldrel-macos-arm64 1.1.1 58.00 WARN
r-oldrel-macos-x86_64 1.1.1 95.00 WARN
r-oldrel-windows-x86_64 1.1.1 12.00 74.00 86.00 NOTE

Check Details

Version: 1.1.1
Check: dependencies in R code
Result: NOTE 'library' or 'require' calls in package code: ‘nimble’ ‘nimbleAPT’ Please use :: or requireNamespace() instead. See section 'Suggested packages' in the 'Writing R Extensions' manual. Flavors: r-devel-linux-x86_64-debian-clang, r-devel-linux-x86_64-debian-gcc, r-devel-linux-x86_64-fedora-clang, r-devel-linux-x86_64-fedora-gcc, r-devel-windows-x86_64, r-patched-linux-x86_64, r-release-linux-x86_64, r-release-macos-arm64, r-release-macos-x86_64, r-release-windows-x86_64, r-oldrel-macos-arm64, r-oldrel-macos-x86_64, r-oldrel-windows-x86_64

Version: 1.1.1
Check: DESCRIPTION meta-information
Result: WARN Non-standard license specification: CECILL-2.1 Standardizable: FALSE Flavors: r-oldrel-macos-arm64, r-oldrel-macos-x86_64