Last updated on 2023-12-08 16:54:21 CET.
Flavor | Version | Tinstall | Tcheck | Ttotal | Status | Flags |
---|---|---|---|---|---|---|
r-devel-linux-x86_64-debian-clang | 1.0.4 | 3.94 | 359.45 | 363.39 | OK | |
r-devel-linux-x86_64-debian-gcc | 1.0.4 | 3.70 | 263.47 | 267.17 | OK | |
r-devel-linux-x86_64-fedora-clang | 1.0.4 | 452.90 | OK | |||
r-devel-linux-x86_64-fedora-gcc | 1.0.4 | 469.67 | OK | |||
r-devel-windows-x86_64 | 1.0.4 | 4.00 | 406.00 | 410.00 | OK | |
r-patched-linux-x86_64 | 1.0.4 | 4.18 | 343.42 | 347.60 | WARN | |
r-release-linux-x86_64 | 1.0.4 | 3.63 | 343.13 | 346.76 | WARN | |
r-release-macos-arm64 | 1.0.4 | 135.00 | WARN | |||
r-release-macos-x86_64 | 1.0.4 | 353.00 | WARN | |||
r-release-windows-x86_64 | 1.0.4 | 5.00 | 370.00 | 375.00 | OK | |
r-oldrel-macos-arm64 | 1.0.4 | 132.00 | WARN | |||
r-oldrel-macos-x86_64 | 1.0.3 | 139.00 | WARN | |||
r-oldrel-windows-x86_64 | 1.0.4 | 6.00 | 356.00 | 362.00 | OK |
Version: 1.0.4
Check: DESCRIPTION meta-information
Result: WARN
Non-standard license specification:
CECILL-2.1
Standardizable: FALSE
Flavors: r-patched-linux-x86_64, r-release-linux-x86_64, r-release-macos-arm64, r-release-macos-x86_64, r-oldrel-macos-arm64
Version: 1.0.3
Check: DESCRIPTION meta-information
Result: WARN
Non-standard license specification:
CECILL-2.1
Standardizable: FALSE
Flavor: r-oldrel-macos-x86_64