CRAN Package Check Results for Package ruler

Last updated on 2022-01-23 05:01:33 CET.

Flavor Version Tinstall Tcheck Ttotal Status Flags
r-devel-linux-x86_64-debian-clang 0.2.4 4.65 71.54 76.19 NOTE
r-devel-linux-x86_64-debian-gcc 0.2.4 4.06 59.87 63.93 NOTE
r-devel-linux-x86_64-fedora-clang 0.2.4 91.64 NOTE
r-devel-linux-x86_64-fedora-gcc 0.2.4 80.00 NOTE
r-devel-windows-x86_64-new-UL 0.2.4 29.00 106.00 135.00 NOTE
r-devel-windows-x86_64-new-TK 0.2.4 NOTE
r-patched-linux-x86_64 0.2.4 9.27 69.12 78.39 NOTE
r-release-linux-x86_64 0.2.4 3.30 68.88 72.18 NOTE
r-release-macos-arm64 0.2.4 NOTE
r-release-macos-x86_64 0.2.4 NOTE
r-release-windows-ix86+x86_64 0.2.4 13.00 87.00 100.00 NOTE
r-oldrel-macos-x86_64 0.2.4 OK
r-oldrel-windows-ix86+x86_64 0.2.4 14.00 86.00 100.00 OK

Check Details

Version: 0.2.4
Check: LazyData
Result: NOTE
     'LazyData' is specified without a 'data' directory
Flavors: r-devel-linux-x86_64-debian-clang, r-devel-linux-x86_64-debian-gcc, r-devel-linux-x86_64-fedora-clang, r-devel-linux-x86_64-fedora-gcc, r-devel-windows-x86_64-new-UL, r-devel-windows-x86_64-new-TK, r-patched-linux-x86_64, r-release-linux-x86_64, r-release-macos-arm64, r-release-macos-x86_64, r-release-windows-ix86+x86_64