CRAN Package Check Results for Package rtweet

Last updated on 2020-08-07 05:48:32 CEST.

Flavor Version Tinstall Tcheck Ttotal Status Flags
r-devel-linux-x86_64-debian-clang 0.7.0 11.95 65.32 77.27 OK
r-devel-linux-x86_64-debian-gcc 0.7.0 9.80 48.32 58.12 OK
r-devel-linux-x86_64-fedora-clang 0.7.0 96.07 NOTE
r-devel-linux-x86_64-fedora-gcc 0.7.0 88.00 NOTE
r-devel-windows-ix86+x86_64 0.7.0 24.00 77.00 101.00 OK
r-patched-linux-x86_64 0.7.0 12.04 63.91 75.95 OK
r-patched-solaris-x86 0.7.0 120.00 NOTE
r-release-linux-x86_64 0.7.0 12.81 63.35 76.16 OK
r-release-macos-x86_64 0.7.0 NOTE
r-release-windows-ix86+x86_64 0.7.0 23.00 108.00 131.00 OK
r-oldrel-macos-x86_64 0.7.0 NOTE
r-oldrel-windows-ix86+x86_64 0.7.0 14.00 96.00 110.00 OK

Check Details

Version: 0.7.0
Check: dependencies in R code
Result: NOTE
    Namespace in Imports field not imported from: ‘Rcpp’
     All declared Imports should be used.
Flavors: r-devel-linux-x86_64-fedora-clang, r-devel-linux-x86_64-fedora-gcc, r-patched-solaris-x86, r-release-macos-x86_64, r-oldrel-macos-x86_64

Version: 0.7.0
Check: data for non-ASCII characters
Result: NOTE
     Note: found 113868 marked UTF-8 strings
Flavors: r-devel-linux-x86_64-fedora-clang, r-devel-linux-x86_64-fedora-gcc, r-patched-solaris-x86, r-release-macos-x86_64, r-oldrel-macos-x86_64