CRAN Package Check Results for Package rtweet

Last updated on 2018-09-25 05:48:44 CEST.

Flavor Version Tinstall Tcheck Ttotal Status Flags
r-devel-linux-x86_64-debian-clang 0.6.7 7.07 47.85 54.92 OK
r-devel-linux-x86_64-debian-gcc 0.6.7 7.57 41.03 48.60 OK
r-devel-linux-x86_64-fedora-clang 0.6.7 70.43 NOTE
r-devel-linux-x86_64-fedora-gcc 0.6.7 69.81 NOTE
r-devel-windows-ix86+x86_64 0.6.7 19.00 63.00 82.00 OK
r-patched-linux-x86_64 0.6.7 8.60 48.47 57.07 OK
r-patched-solaris-x86 0.6.7 89.20 NOTE
r-release-linux-x86_64 0.6.7 7.42 49.08 56.50 OK
r-release-windows-ix86+x86_64 0.6.7 17.00 88.00 105.00 OK
r-release-osx-x86_64 0.6.7 NOTE
r-oldrel-windows-ix86+x86_64 0.6.7 7.00 91.00 98.00 OK
r-oldrel-osx-x86_64 0.6.7 NOTE

Check Details

Version: 0.6.7
Check: data for non-ASCII characters
Result: NOTE
     Note: found 113868 marked UTF-8 strings
Flavors: r-devel-linux-x86_64-fedora-clang, r-devel-linux-x86_64-fedora-gcc, r-patched-solaris-x86, r-release-osx-x86_64, r-oldrel-osx-x86_64