CRAN Package Check Results for Package rtweet

Last updated on 2019-07-24 11:38:33 CEST.

Flavor Version Tinstall Tcheck Ttotal Status Flags
r-devel-linux-x86_64-debian-clang 0.6.9 23.63 61.36 84.99 OK
r-devel-linux-x86_64-debian-gcc 0.6.9 16.86 48.83 65.69 OK
r-devel-linux-x86_64-fedora-clang 0.6.9 109.89 NOTE
r-devel-linux-x86_64-fedora-gcc 0.6.9 103.71 NOTE
r-devel-windows-ix86+x86_64 0.6.9 42.00 100.00 142.00 OK
r-patched-linux-x86_64 0.6.9 22.65 61.56 84.21 OK
r-patched-solaris-x86 0.6.9 133.70 NOTE
r-release-linux-x86_64 0.6.9 20.98 62.85 83.83 OK
r-release-windows-ix86+x86_64 0.6.9 42.00 101.00 143.00 OK
r-release-osx-x86_64 0.6.9 NOTE
r-oldrel-windows-ix86+x86_64 0.6.9 50.00 126.00 176.00 OK
r-oldrel-osx-x86_64 0.6.9 NOTE

Check Details

Version: 0.6.9
Check: data for non-ASCII characters
Result: NOTE
     Note: found 113868 marked UTF-8 strings
Flavors: r-devel-linux-x86_64-fedora-clang, r-devel-linux-x86_64-fedora-gcc, r-patched-solaris-x86, r-release-osx-x86_64, r-oldrel-osx-x86_64