CRAN Package Check Results for Package rtweet

Last updated on 2020-01-19 21:48:56 CET.

Flavor Version Tinstall Tcheck Ttotal Status Flags
r-devel-linux-x86_64-debian-clang 0.7.0 12.18 64.90 77.08 OK
r-devel-linux-x86_64-debian-gcc 0.7.0 9.97 50.87 60.84 OK
r-devel-linux-x86_64-fedora-clang 0.7.0 90.96 NOTE
r-devel-linux-x86_64-fedora-gcc 0.7.0 92.11 NOTE
r-devel-windows-ix86+x86_64 0.7.0 28.00 104.00 132.00 OK
r-devel-windows-ix86+x86_64-gcc8 0.7.0 18.00 108.00 126.00 OK
r-patched-linux-x86_64 0.7.0 9.81 58.63 68.44 OK
r-patched-solaris-x86 0.7.0 107.70 NOTE
r-release-linux-x86_64 0.7.0 11.35 57.73 69.08 OK
r-release-windows-ix86+x86_64 0.7.0 22.00 94.00 116.00 OK
r-release-osx-x86_64 0.7.0 NOTE
r-oldrel-windows-ix86+x86_64 0.7.0 14.00 61.00 75.00 OK
r-oldrel-osx-x86_64 0.7.0 NOTE

Check Details

Version: 0.7.0
Check: dependencies in R code
Result: NOTE
    Namespace in Imports field not imported from: ‘Rcpp’
     All declared Imports should be used.
Flavors: r-devel-linux-x86_64-fedora-clang, r-devel-linux-x86_64-fedora-gcc, r-patched-solaris-x86, r-release-osx-x86_64, r-oldrel-osx-x86_64

Version: 0.7.0
Check: data for non-ASCII characters
Result: NOTE
     Note: found 113868 marked UTF-8 strings
Flavors: r-devel-linux-x86_64-fedora-clang, r-devel-linux-x86_64-fedora-gcc, r-patched-solaris-x86, r-release-osx-x86_64, r-oldrel-osx-x86_64