CRAN Package Check Results for Package rtweet

Last updated on 2018-12-13 13:47:41 CET.

Flavor Version Tinstall Tcheck Ttotal Status Flags
r-devel-linux-x86_64-debian-clang 0.6.8 8.70 54.13 62.83 OK
r-devel-linux-x86_64-debian-gcc 0.6.8 7.94 42.91 50.85 OK
r-devel-linux-x86_64-fedora-clang 0.6.8 72.70 NOTE
r-devel-linux-x86_64-fedora-gcc 0.6.8 71.10 NOTE
r-devel-windows-ix86+x86_64 0.6.8 18.00 84.00 102.00 OK
r-patched-linux-x86_64 0.6.8 7.75 49.98 57.73 OK
r-patched-solaris-x86 0.6.8 97.70 NOTE
r-release-linux-x86_64 0.6.8 8.77 50.49 59.26 OK
r-release-windows-ix86+x86_64 0.6.8 17.00 81.00 98.00 OK
r-release-osx-x86_64 0.6.8 NOTE
r-oldrel-windows-ix86+x86_64 0.6.8 8.00 66.00 74.00 OK
r-oldrel-osx-x86_64 0.6.8 NOTE

Check Details

Version: 0.6.8
Check: data for non-ASCII characters
Result: NOTE
     Note: found 113868 marked UTF-8 strings
Flavors: r-devel-linux-x86_64-fedora-clang, r-devel-linux-x86_64-fedora-gcc, r-patched-solaris-x86, r-release-osx-x86_64, r-oldrel-osx-x86_64