CRAN Package Check Results for Package rtweet

Last updated on 2019-12-06 08:55:04 CET.

Flavor Version Tinstall Tcheck Ttotal Status Flags
r-devel-linux-x86_64-debian-clang 0.6.9 25.87 67.54 93.41 ERROR
r-devel-linux-x86_64-debian-gcc 0.6.9 20.51 53.38 73.89 ERROR
r-devel-linux-x86_64-fedora-clang 0.6.9 122.16 ERROR
r-devel-linux-x86_64-fedora-gcc 0.6.9 111.66 ERROR
r-devel-windows-ix86+x86_64 0.6.9 49.00 129.00 178.00 OK
r-devel-windows-ix86+x86_64-gcc8 0.6.9 53.00 151.00 204.00 NOTE
r-patched-linux-x86_64 0.6.9 21.32 61.11 82.43 ERROR
r-patched-solaris-x86 0.6.9 116.80 ERROR
r-release-linux-x86_64 0.6.9 22.91 61.74 84.65 ERROR
r-release-windows-ix86+x86_64 0.6.9 47.00 103.00 150.00 ERROR
r-release-osx-x86_64 0.6.9 NOTE
r-oldrel-windows-ix86+x86_64 0.6.9 34.00 120.00 154.00 OK
r-oldrel-osx-x86_64 0.6.9 NOTE

Check Details

Version: 0.6.9
Check: tests
Result: ERROR
     Running 'testthat.R' [2s/3s]
    Running the tests in 'tests/testthat.R' failed.
    Complete output:
     > library(testthat)
     > library(rtweet)
     >
     > test_check("rtweet")
     -- 1. Failure: api_access_level works (@test-access-level.R#6) ----------------
     is.character(a) && length(a) == 1 isn't true.
    
     == testthat results ===========================================================
     [ OK: 1 | SKIPPED: 37 | WARNINGS: 1 | FAILED: 1 ]
     1. Failure: api_access_level works (@test-access-level.R#6)
    
     Error: testthat unit tests failed
     Execution halted
Flavor: r-devel-linux-x86_64-debian-clang

Version: 0.6.9
Check: tests
Result: ERROR
     Running ‘testthat.R’ [2s/4s]
    Running the tests in ‘tests/testthat.R’ failed.
    Complete output:
     > library(testthat)
     > library(rtweet)
     >
     > test_check("rtweet")
     ── 1. Failure: api_access_level works (@test-access-level.R#6) ────────────────
     is.character(a) && length(a) == 1 isn't true.
    
     ══ testthat results ═══════════════════════════════════════════════════════════
     [ OK: 1 | SKIPPED: 37 | WARNINGS: 1 | FAILED: 1 ]
     1. Failure: api_access_level works (@test-access-level.R#6)
    
     Error: testthat unit tests failed
     Execution halted
Flavor: r-devel-linux-x86_64-debian-gcc

Version: 0.6.9
Check: data for non-ASCII characters
Result: NOTE
     Note: found 113868 marked UTF-8 strings
Flavors: r-devel-linux-x86_64-fedora-clang, r-devel-linux-x86_64-fedora-gcc, r-patched-solaris-x86, r-release-osx-x86_64, r-oldrel-osx-x86_64

Version: 0.6.9
Check: tests
Result: ERROR
     Running ‘testthat.R’
    Running the tests in ‘tests/testthat.R’ failed.
    Complete output:
     > library(testthat)
     > library(rtweet)
     >
     > test_check("rtweet")
     ── 1. Failure: api_access_level works (@test-access-level.R#6) ────────────────
     is.character(a) && length(a) == 1 isn't true.
    
     ══ testthat results ═══════════════════════════════════════════════════════════
     [ OK: 1 | SKIPPED: 37 | WARNINGS: 1 | FAILED: 1 ]
     1. Failure: api_access_level works (@test-access-level.R#6)
    
     Error: testthat unit tests failed
     Execution halted
Flavors: r-devel-linux-x86_64-fedora-clang, r-devel-linux-x86_64-fedora-gcc

Version: 0.6.9
Check: installed package size
Result: NOTE
     installed size is 5.2Mb
     sub-directories of 1Mb or more:
     data 1.3Mb
     libs 2.0Mb
Flavor: r-devel-windows-ix86+x86_64-gcc8

Version: 0.6.9
Check: tests
Result: ERROR
     Running ‘testthat.R’ [2s/3s]
    Running the tests in ‘tests/testthat.R’ failed.
    Complete output:
     > library(testthat)
     > library(rtweet)
     >
     > test_check("rtweet")
     ── 1. Failure: api_access_level works (@test-access-level.R#6) ────────────────
     is.character(a) && length(a) == 1 isn't true.
    
     ══ testthat results ═══════════════════════════════════════════════════════════
     [ OK: 1 | SKIPPED: 37 | WARNINGS: 1 | FAILED: 1 ]
     1. Failure: api_access_level works (@test-access-level.R#6)
    
     Error: testthat unit tests failed
     Execution halted
Flavors: r-patched-linux-x86_64, r-release-linux-x86_64

Version: 0.6.9
Check: tests
Result: ERROR
     Running ‘testthat.R’ [3s/11s]
    Running the tests in ‘tests/testthat.R’ failed.
    Complete output:
     > library(testthat)
     > library(rtweet)
     >
     > test_check("rtweet")
     ── 1. Failure: api_access_level works (@test-access-level.R#6) ────────────────
     is.character(a) && length(a) == 1 isn't true.
    
     ══ testthat results ═══════════════════════════════════════════════════════════
     [ OK: 1 | SKIPPED: 37 | WARNINGS: 1 | FAILED: 1 ]
     1. Failure: api_access_level works (@test-access-level.R#6)
    
     Error: testthat unit tests failed
     Execution halted
Flavor: r-patched-solaris-x86

Version: 0.6.9
Check: running tests for arch ‘i386’
Result: ERROR
     Running 'testthat.R' [2s]
    Running the tests in 'tests/testthat.R' failed.
    Complete output:
     > library(testthat)
     > library(rtweet)
     >
     > test_check("rtweet")
     -- 1. Failure: api_access_level works (@test-access-level.R#6) ----------------
     is.character(a) && length(a) == 1 isn't true.
    
     == testthat results ===========================================================
     [ OK: 1 | SKIPPED: 37 | WARNINGS: 1 | FAILED: 1 ]
     1. Failure: api_access_level works (@test-access-level.R#6)
    
     Error: testthat unit tests failed
     Execution halted
Flavor: r-release-windows-ix86+x86_64

Version: 0.6.9
Check: running tests for arch ‘x64’
Result: ERROR
     Running 'testthat.R' [2s]
    Running the tests in 'tests/testthat.R' failed.
    Complete output:
     > library(testthat)
     > library(rtweet)
     >
     > test_check("rtweet")
     -- 1. Failure: api_access_level works (@test-access-level.R#6) ----------------
     is.character(a) && length(a) == 1 isn't true.
    
     == testthat results ===========================================================
     [ OK: 1 | SKIPPED: 37 | WARNINGS: 1 | FAILED: 1 ]
     1. Failure: api_access_level works (@test-access-level.R#6)
    
     Error: testthat unit tests failed
     Execution halted
Flavor: r-release-windows-ix86+x86_64