CRAN Package Check Results for Package rtsplot

Last updated on 2019-03-24 09:47:14 CET.

Flavor Version Tinstall Tcheck Ttotal Status Flags
r-devel-linux-x86_64-debian-clang 0.1.1 2.44 20.47 22.91 OK
r-devel-linux-x86_64-debian-gcc 0.1.1 1.89 16.71 18.60 OK
r-devel-linux-x86_64-fedora-clang 0.1.1 27.76 OK
r-devel-linux-x86_64-fedora-gcc 0.1.1 26.78 OK
r-devel-windows-ix86+x86_64 0.1.1 7.00 35.00 42.00 OK
r-patched-linux-x86_64 0.1.1 1.19 19.43 20.62 OK
r-patched-solaris-x86 0.1.1 38.30 OK
r-release-linux-x86_64 0.1.1 0.29 2.05 2.34 ERROR
r-release-windows-ix86+x86_64 0.1.1 4.00 33.00 37.00 OK
r-release-osx-x86_64 0.1.1 OK
r-oldrel-windows-ix86+x86_64 0.1.1 2.00 31.00 33.00 OK
r-oldrel-osx-x86_64 0.1.1 OK

Check Details

Version: 0.1.1
Check: whether package can be installed
Result: ERROR
    Installation failed.
Flavor: r-release-linux-x86_64