CRAN Package Check Results for Package rtext

Last updated on 2019-04-22 18:47:22 CEST.

Flavor Version Tinstall Tcheck Ttotal Status Flags
r-devel-linux-x86_64-debian-clang 0.1.21 19.36 64.12 83.48 OK
r-devel-linux-x86_64-debian-gcc 0.1.21 14.20 52.88 67.08 OK
r-devel-linux-x86_64-fedora-clang 0.1.21 104.97 NOTE
r-devel-linux-x86_64-fedora-gcc 0.1.21 99.77 NOTE
r-devel-windows-ix86+x86_64 0.1.21 49.00 120.00 169.00 OK
r-patched-linux-x86_64 0.1.21 17.22 63.32 80.54 OK
r-patched-solaris-x86 0.1.21 179.70 NOTE
r-release-linux-x86_64 0.1.21 15.24 62.45 77.69 OK
r-release-windows-ix86+x86_64 0.1.21 31.00 163.00 194.00 OK
r-release-osx-x86_64 0.1.21 NOTE
r-oldrel-windows-ix86+x86_64 0.1.21 22.00 164.00 186.00 OK
r-oldrel-osx-x86_64 0.1.21 NOTE

Check Details

Version: 0.1.21
Check: dependencies in R code
Result: NOTE
    Namespaces in Imports field not imported from:
     ‘RSQLite’ ‘stats’
     All declared Imports should be used.
Flavors: r-devel-linux-x86_64-fedora-clang, r-devel-linux-x86_64-fedora-gcc, r-patched-solaris-x86, r-release-osx-x86_64, r-oldrel-osx-x86_64

Version: 0.1.21
Check: data for non-ASCII characters
Result: NOTE
     Note: found 2 marked UTF-8 strings
Flavors: r-devel-linux-x86_64-fedora-clang, r-devel-linux-x86_64-fedora-gcc, r-patched-solaris-x86, r-release-osx-x86_64, r-oldrel-osx-x86_64