CRAN Package Check Results for Package rtext

Last updated on 2021-06-17 20:52:08 CEST.

Flavor Version Tinstall Tcheck Ttotal Status Flags
r-devel-linux-x86_64-debian-clang 0.1.22 25.84 73.51 99.35 OK
r-devel-linux-x86_64-debian-gcc 0.1.22 15.56 58.70 74.26 OK
r-devel-linux-x86_64-fedora-clang 0.1.22 129.38 NOTE
r-devel-linux-x86_64-fedora-gcc 0.1.22 114.94 NOTE
r-devel-windows-x86_64 0.1.22 32.00 85.00 117.00 OK
r-devel-windows-x86_64-gcc10-UCRT 0.1.22 NOTE
r-patched-linux-x86_64 0.1.22 22.33 69.41 91.74 OK
r-patched-solaris-x86 0.1.22 190.90 NOTE
r-release-linux-x86_64 0.1.22 21.29 70.63 91.92 OK
r-release-macos-arm64 0.1.22 NOTE
r-release-macos-x86_64 0.1.22 NOTE
r-release-windows-ix86+x86_64 0.1.22 55.00 173.00 228.00 OK
r-oldrel-macos-x86_64 0.1.22 NOTE
r-oldrel-windows-ix86+x86_64 0.1.22 37.00 161.00 198.00 OK

Check Details

Version: 0.1.22
Check: dependencies in R code
Result: NOTE
    Namespaces in Imports field not imported from:
     ‘RSQLite’ ‘stats’
     All declared Imports should be used.
Flavors: r-devel-linux-x86_64-fedora-clang, r-devel-linux-x86_64-fedora-gcc, r-devel-windows-x86_64-gcc10-UCRT, r-patched-solaris-x86, r-release-macos-arm64, r-release-macos-x86_64, r-oldrel-macos-x86_64

Version: 0.1.22
Check: data for non-ASCII characters
Result: NOTE
     Note: found 2 marked UTF-8 strings
Flavors: r-devel-linux-x86_64-fedora-clang, r-devel-linux-x86_64-fedora-gcc, r-devel-windows-x86_64-gcc10-UCRT, r-patched-solaris-x86, r-release-macos-arm64, r-release-macos-x86_64, r-oldrel-macos-x86_64