CRAN Package Check Results for Package rtemps

Last updated on 2022-11-29 01:52:18 CET.

Flavor Version Tinstall Tcheck Ttotal Status Flags
r-devel-linux-x86_64-debian-clang 0.8.0 2.24 23.75 25.99 NOTE
r-devel-linux-x86_64-debian-gcc 0.8.0 1.73 18.53 20.26 NOTE
r-devel-linux-x86_64-fedora-clang 0.8.0 44.48 NOTE
r-devel-linux-x86_64-fedora-gcc 0.8.0 40.96 NOTE
r-devel-windows-x86_64 0.8.0 39.00 58.00 97.00 NOTE
r-patched-linux-x86_64 0.8.0 1.70 22.59 24.29 NOTE
r-release-linux-x86_64 0.8.0 2.19 22.65 24.84 NOTE
r-release-macos-arm64 0.8.0 16.00 NOTE
r-release-macos-x86_64 0.8.0 27.00 NOTE
r-release-windows-x86_64 0.8.0 5.00 58.00 63.00 NOTE
r-oldrel-macos-arm64 0.8.0 20.00 NOTE
r-oldrel-macos-x86_64 0.8.0 23.00 NOTE
r-oldrel-windows-ix86+x86_64 0.8.0 7.00 53.00 60.00 NOTE

Check Details

Version: 0.8.0
Check: LazyData
Result: NOTE
     'LazyData' is specified without a 'data' directory
Flavors: r-devel-linux-x86_64-debian-clang, r-devel-linux-x86_64-debian-gcc, r-devel-linux-x86_64-fedora-clang, r-devel-linux-x86_64-fedora-gcc, r-devel-windows-x86_64, r-patched-linux-x86_64, r-release-linux-x86_64, r-release-macos-arm64, r-release-macos-x86_64, r-release-windows-x86_64, r-oldrel-macos-arm64, r-oldrel-macos-x86_64, r-oldrel-windows-ix86+x86_64