Last updated on 2023-06-06 20:09:54 CEST.
Flavor | Version | Tinstall | Tcheck | Ttotal | Status | Flags |
---|---|---|---|---|---|---|
r-devel-linux-x86_64-debian-clang | 0.1.2 | 1.77 | 22.05 | 23.82 | NOTE | |
r-devel-linux-x86_64-debian-gcc | 0.1.2 | 1.65 | 17.48 | 19.13 | NOTE | |
r-devel-linux-x86_64-fedora-clang | 0.1.2 | 31.74 | NOTE | |||
r-devel-linux-x86_64-fedora-gcc | 0.1.2 | 29.14 | NOTE | |||
r-devel-windows-x86_64 | 0.1.2 | 3.00 | 41.00 | 44.00 | NOTE | |
r-patched-linux-x86_64 | 0.1.2 | 1.79 | 21.68 | 23.47 | NOTE | |
r-release-linux-x86_64 | 0.1.2 | 1.57 | 21.67 | 23.24 | NOTE | |
r-release-macos-arm64 | 0.1.2 | 15.00 | NOTE | |||
r-release-macos-x86_64 | 0.1.2 | 20.00 | NOTE | |||
r-release-windows-x86_64 | 0.1.2 | 3.00 | 40.00 | 43.00 | NOTE | |
r-oldrel-macos-arm64 | 0.1.2 | 16.00 | NOTE | |||
r-oldrel-macos-x86_64 | 0.1.2 | 20.00 | NOTE | |||
r-oldrel-windows-x86_64 | 0.1.2 | 4.00 | 40.00 | 44.00 | NOTE |
Version: 0.1.2
Check: LazyData
Result: NOTE
'LazyData' is specified without a 'data' directory
Flavors: r-devel-linux-x86_64-debian-clang, r-devel-linux-x86_64-debian-gcc, r-devel-linux-x86_64-fedora-clang, r-devel-linux-x86_64-fedora-gcc, r-devel-windows-x86_64, r-patched-linux-x86_64, r-release-linux-x86_64, r-release-macos-arm64, r-release-macos-x86_64, r-release-windows-x86_64, r-oldrel-macos-arm64, r-oldrel-macos-x86_64, r-oldrel-windows-x86_64