CRAN Package Check Results for Package rsyntax

Last updated on 2020-10-21 14:47:09 CEST.

Flavor Version Tinstall Tcheck Ttotal Status Flags
r-devel-linux-x86_64-debian-clang 0.1.0 7.83 63.03 70.86 OK
r-devel-linux-x86_64-debian-gcc 0.1.0 5.49 46.76 52.25 OK
r-devel-linux-x86_64-fedora-clang 0.1.0 89.40 NOTE
r-devel-linux-x86_64-fedora-gcc 0.1.0 78.91 OK
r-devel-windows-ix86+x86_64 0.1.0 18.00 89.00 107.00 OK
r-patched-linux-x86_64 0.1.0 6.58 57.25 63.83 OK
r-patched-solaris-x86 0.1.0 101.30 OK
r-release-linux-x86_64 0.1.0 5.25 58.86 64.11 OK
r-release-macos-x86_64 0.1.0 OK
r-release-windows-ix86+x86_64 0.1.0 9.00 68.00 77.00 OK
r-oldrel-macos-x86_64 0.1.0 OK
r-oldrel-windows-ix86+x86_64 0.1.0 9.00 80.00 89.00 OK

Check Details

Version: 0.1.0
Check: Rd cross-references
Result: NOTE
    Undeclared package ‘spacyr’ in Rd xrefs
Flavor: r-devel-linux-x86_64-fedora-clang