CRAN Package Check Results for Package rstudioapi

Last updated on 2020-10-19 16:48:43 CEST.

Flavor Version Tinstall Tcheck Ttotal Status Flags
r-devel-linux-x86_64-debian-clang 0.11 2.46 33.76 36.22 OK
r-devel-linux-x86_64-debian-gcc 0.11 2.53 26.43 28.96 OK
r-devel-linux-x86_64-fedora-clang 0.11 53.49 NOTE
r-devel-linux-x86_64-fedora-gcc 0.11 44.99 OK
r-devel-windows-ix86+x86_64 0.11 6.00 39.00 45.00 OK
r-patched-linux-x86_64 0.11 3.08 33.33 36.41 OK
r-patched-solaris-x86 0.11 60.20 OK
r-release-linux-x86_64 0.11 2.71 32.64 35.35 OK
r-release-macos-x86_64 0.11 OK
r-release-windows-ix86+x86_64 0.11 7.00 45.00 52.00 OK
r-oldrel-macos-x86_64 0.11 OK
r-oldrel-windows-ix86+x86_64 0.11 6.00 41.00 47.00 OK

Check Details

Version: 0.11
Check: Rd cross-references
Result: NOTE
    Undeclared packages ‘shiny’, ‘Rook’, ‘opencpu’ in Rd xrefs
Flavor: r-devel-linux-x86_64-fedora-clang