CRAN Package Check Results for Package rstatix

Last updated on 2024-02-26 06:53:05 CET.

Flavor Version Tinstall Tcheck Ttotal Status Flags
r-devel-linux-x86_64-debian-clang 0.7.2 13.65 147.95 161.60 NOTE
r-devel-linux-x86_64-debian-gcc 0.7.2 10.17 109.41 119.58 NOTE
r-devel-linux-x86_64-fedora-clang 0.7.2 190.95 OK
r-devel-linux-x86_64-fedora-gcc 0.7.2 188.44 OK
r-devel-windows-x86_64 0.7.2 13.00 135.00 148.00 OK
r-patched-linux-x86_64 0.7.2 15.55 143.28 158.83 OK
r-release-linux-x86_64 0.7.2 13.28 142.50 155.78 OK
r-release-macos-arm64 0.7.2 63.00 OK
r-release-macos-x86_64 0.7.2 98.00 NOTE
r-release-windows-x86_64 0.7.2 16.00 169.00 185.00 OK
r-oldrel-macos-arm64 0.7.2 65.00 OK
r-oldrel-windows-x86_64 0.7.2 16.00 154.00 170.00 OK

Check Details

Version: 0.7.2
Check: Rd files
Result: NOTE checkRd: (-1) box_m.Rd:19: Lost braces in \itemize; \value handles \item{}{} directly checkRd: (-1) box_m.Rd:20: Lost braces in \itemize; \value handles \item{}{} directly checkRd: (-1) box_m.Rd:21: Lost braces in \itemize; \value handles \item{}{} directly checkRd: (-1) box_m.Rd:22: Lost braces in \itemize; \value handles \item{}{} directly checkRd: (-1) wilcox_test.Rd:91: Lost braces; missing escapes or markup? 91 | distribution of \code{(u+v)/2}, where \code{u} and {v} are independent, each | ^ Flavors: r-devel-linux-x86_64-debian-clang, r-devel-linux-x86_64-debian-gcc

Version: 0.7.2
Check: package dependencies
Result: NOTE Package suggested but not available for checking: ‘ggpubr’ Flavor: r-release-macos-x86_64