CRAN Package Check Results for Package rstatix

Last updated on 2020-08-12 21:49:55 CEST.

Flavor Version Tinstall Tcheck Ttotal Status Flags
r-devel-linux-x86_64-debian-clang 0.6.0 0.70 2.26 2.96 ERROR
r-devel-linux-x86_64-debian-gcc 0.6.0 9.99 100.82 110.81 OK
r-devel-linux-x86_64-fedora-clang 0.6.0 182.73 OK
r-devel-linux-x86_64-fedora-gcc 0.6.0 179.07 OK
r-devel-windows-ix86+x86_64 0.6.0 33.00 196.00 229.00 OK
r-patched-linux-x86_64 0.6.0 13.43 129.07 142.50 OK
r-patched-solaris-x86 0.6.0 223.80 OK
r-release-linux-x86_64 0.6.0 0.43 2.30 2.73 ERROR
r-release-macos-x86_64 0.6.0 OK
r-release-windows-ix86+x86_64 0.6.0 33.00 148.00 181.00 OK
r-oldrel-macos-x86_64 0.6.0 OK
r-oldrel-windows-ix86+x86_64 0.6.0 20.00 195.00 215.00 OK

Check Details

Version: 0.6.0
Check: package dependencies
Result: ERROR
    Packages required but not available: 'tidyr', 'broom'
    
    Package suggested but not available for checking: 'ggpubr'
    
    See section 'The DESCRIPTION file' in the 'Writing R Extensions'
    manual.
Flavors: r-devel-linux-x86_64-debian-clang, r-release-linux-x86_64