CRAN Package Check Results for Package rstanemax

Last updated on 2020-01-24 09:51:24 CET.

Flavor Version Tinstall Tcheck Ttotal Status Flags
r-devel-linux-x86_64-debian-clang 0.1.1 117.16 130.45 247.61 NOTE
r-devel-linux-x86_64-debian-gcc 0.1.1 121.10 100.76 221.86 NOTE
r-devel-linux-x86_64-fedora-clang 0.1.1 331.22 NOTE
r-devel-linux-x86_64-fedora-gcc 0.1.1 348.74 NOTE
r-devel-windows-ix86+x86_64 0.1.1 318.00 299.00 617.00 NOTE
r-devel-windows-ix86+x86_64-gcc8 0.1.1 271.00 243.00 514.00 NOTE
r-patched-linux-x86_64 0.1.1 113.26 116.67 229.93 NOTE
r-patched-solaris-x86 0.1.1 360.50 NOTE
r-release-linux-x86_64 0.1.1 107.43 118.52 225.95 NOTE
r-release-windows-ix86+x86_64 0.1.1 163.00 269.00 432.00 NOTE
r-release-osx-x86_64 0.1.1 NOTE
r-oldrel-windows-ix86+x86_64 0.1.1 154.00 209.00 363.00 ERROR
r-oldrel-osx-x86_64 0.1.1 NOTE

Check Details

Version: 0.1.1
Check: for GNU extensions in Makefiles
Result: NOTE
    GNU make is a SystemRequirements.
Flavors: r-devel-linux-x86_64-debian-clang, r-devel-linux-x86_64-debian-gcc, r-devel-linux-x86_64-fedora-clang, r-devel-linux-x86_64-fedora-gcc, r-devel-windows-ix86+x86_64, r-devel-windows-ix86+x86_64-gcc8, r-patched-linux-x86_64, r-patched-solaris-x86, r-release-linux-x86_64, r-release-windows-ix86+x86_64, r-release-osx-x86_64, r-oldrel-osx-x86_64

Version: 0.1.1
Check: installed package size
Result: NOTE
     installed size is 31.2Mb
     sub-directories of 1Mb or more:
     libs 30.8Mb
Flavors: r-devel-linux-x86_64-fedora-clang, r-release-osx-x86_64, r-oldrel-osx-x86_64

Version: 0.1.1
Check: whether package can be installed
Result: ERROR
    Installation failed.
Flavor: r-oldrel-windows-ix86+x86_64