Last updated on 2023-10-02 07:56:38 CEST.
Flavor | Version | Tinstall | Tcheck | Ttotal | Status | Flags |
---|---|---|---|---|---|---|
r-devel-linux-x86_64-debian-clang | 0.1.5 | 173.53 | 295.41 | 468.94 | NOTE | |
r-devel-linux-x86_64-debian-gcc | 0.1.5 | 141.06 | 222.58 | 363.64 | NOTE | |
r-devel-linux-x86_64-fedora-clang | 0.1.5 | 579.07 | NOTE | |||
r-devel-linux-x86_64-fedora-gcc | 0.1.5 | 529.07 | NOTE | |||
r-devel-windows-x86_64 | 0.1.5 | 140.00 | 255.00 | 395.00 | NOTE | |
r-patched-linux-x86_64 | 0.1.5 | 130.26 | 290.70 | 420.96 | NOTE | |
r-release-linux-x86_64 | 0.1.5 | 133.27 | 290.20 | 423.47 | NOTE | |
r-release-macos-arm64 | 0.1.5 | 242.00 | NOTE | |||
r-release-macos-x86_64 | 0.1.5 | 348.00 | NOTE | |||
r-release-windows-x86_64 | 0.1.5 | 179.00 | 308.00 | 487.00 | NOTE | |
r-oldrel-macos-arm64 | 0.1.5 | 177.00 | NOTE | |||
r-oldrel-macos-x86_64 | 0.1.5 | 236.00 | NOTE | |||
r-oldrel-windows-x86_64 | 0.1.5 | 166.00 | 299.00 | 465.00 | NOTE |
Version: 0.1.5
Check: for GNU extensions in Makefiles
Result: NOTE
GNU make is a SystemRequirements.
Flavors: r-devel-linux-x86_64-debian-clang, r-devel-linux-x86_64-debian-gcc, r-devel-linux-x86_64-fedora-clang, r-devel-linux-x86_64-fedora-gcc, r-devel-windows-x86_64, r-patched-linux-x86_64, r-release-linux-x86_64, r-release-macos-arm64, r-release-macos-x86_64, r-release-windows-x86_64, r-oldrel-macos-arm64, r-oldrel-macos-x86_64, r-oldrel-windows-x86_64
Version: 0.1.5
Check: installed package size
Result: NOTE
installed size is 36.6Mb
sub-directories of 1Mb or more:
libs 36.0Mb
Flavors: r-release-macos-arm64, r-release-macos-x86_64, r-oldrel-macos-arm64, r-oldrel-macos-x86_64