CRAN Package Check Results for Package rstanemax

Last updated on 2020-08-13 06:47:41 CEST.

Flavor Version Tinstall Tcheck Ttotal Status Flags
r-devel-linux-x86_64-debian-clang 0.1.2 0.52 2.57 3.09 ERROR
r-devel-linux-x86_64-debian-gcc 0.1.2 113.27 114.77 228.04 NOTE
r-devel-linux-x86_64-fedora-clang 0.1.2 354.74 NOTE
r-devel-linux-x86_64-fedora-gcc 0.1.2 360.45 NOTE
r-devel-windows-ix86+x86_64 0.1.2 207.00 339.00 546.00 NOTE
r-patched-linux-x86_64 0.1.2 102.35 147.26 249.61 NOTE
r-patched-solaris-x86 0.1.2 400.80 NOTE
r-release-linux-x86_64 0.1.2 0.49 2.78 3.27 ERROR
r-release-macos-x86_64 0.1.2 NOTE
r-release-windows-ix86+x86_64 0.1.2 288.00 254.00 542.00 NOTE
r-oldrel-macos-x86_64 0.1.2 NOTE
r-oldrel-windows-ix86+x86_64 0.1.2 196.00 333.00 529.00 NOTE

Check Details

Version: 0.1.2
Check: package dependencies
Result: ERROR
    Package required but not available: 'tidyr'
    
    See section 'The DESCRIPTION file' in the 'Writing R Extensions'
    manual.
Flavors: r-devel-linux-x86_64-debian-clang, r-release-linux-x86_64

Version: 0.1.2
Check: for GNU extensions in Makefiles
Result: NOTE
    GNU make is a SystemRequirements.
Flavors: r-devel-linux-x86_64-debian-gcc, r-devel-linux-x86_64-fedora-clang, r-devel-linux-x86_64-fedora-gcc, r-devel-windows-ix86+x86_64, r-patched-linux-x86_64, r-patched-solaris-x86, r-release-macos-x86_64, r-release-windows-ix86+x86_64, r-oldrel-macos-x86_64, r-oldrel-windows-ix86+x86_64

Version: 0.1.2
Check: installed package size
Result: NOTE
     installed size is 34.4Mb
     sub-directories of 1Mb or more:
     libs 33.8Mb
Flavors: r-devel-linux-x86_64-fedora-clang, r-release-macos-x86_64, r-oldrel-macos-x86_64