CRAN Package Check Results for Package rstan

Last updated on 2019-02-16 07:48:51 CET.

Flavor Version Tinstall Tcheck Ttotal Status Flags
r-devel-linux-x86_64-debian-clang 2.18.2 688.93 565.50 1254.43 OK
r-devel-linux-x86_64-debian-gcc 2.18.2 570.15 475.19 1045.34 OK
r-devel-linux-x86_64-fedora-clang 2.18.2 1817.02 NOTE
r-devel-linux-x86_64-fedora-gcc 2.18.2 1663.47 OK
r-devel-windows-ix86+x86_64 2.18.2 1529.00 694.00 2223.00 NOTE
r-patched-linux-x86_64 2.18.2 634.47 475.95 1110.42 OK
r-patched-solaris-x86 2.18.2 1388.10 NOTE
r-release-linux-x86_64 2.18.2 649.83 475.31 1125.14 OK
r-release-windows-ix86+x86_64 2.18.2 1084.00 587.00 1671.00 NOTE
r-release-osx-x86_64 2.18.2 NOTE
r-oldrel-windows-ix86+x86_64 2.18.2 1659.00 589.00 2248.00 NOTE
r-oldrel-osx-x86_64 2.18.2 NOTE

Check Details

Version: 2.18.2
Check: installed package size
Result: NOTE
     installed size is 167.6Mb
     sub-directories of 1Mb or more:
     libs 165.0Mb
Flavors: r-devel-linux-x86_64-fedora-clang, r-devel-windows-ix86+x86_64, r-patched-solaris-x86, r-release-windows-ix86+x86_64, r-release-osx-x86_64, r-oldrel-windows-ix86+x86_64, r-oldrel-osx-x86_64