CRAN Package Check Results for Package rstack

Last updated on 2021-06-25 01:50:01 CEST.

Flavor Version Tinstall Tcheck Ttotal Status Flags
r-devel-linux-x86_64-debian-clang 1.0.0 2.82 22.99 25.81 NOTE
r-devel-linux-x86_64-debian-gcc 1.0.0 2.01 18.17 20.18 NOTE
r-devel-linux-x86_64-fedora-clang 1.0.0 40.15 NOTE
r-devel-linux-x86_64-fedora-gcc 1.0.0 29.50 NOTE
r-devel-windows-x86_64 1.0.0 4.00 34.00 38.00 NOTE
r-devel-windows-x86_64-gcc10-UCRT 1.0.0 NOTE
r-patched-linux-x86_64 1.0.0 2.66 22.29 24.95 NOTE
r-patched-solaris-x86 1.0.0 46.50 NOTE
r-release-linux-x86_64 1.0.0 2.67 22.09 24.76 NOTE
r-release-macos-arm64 1.0.0 NOTE
r-release-macos-x86_64 1.0.0 NOTE
r-release-windows-ix86+x86_64 1.0.0 5.00 34.00 39.00 NOTE
r-oldrel-macos-x86_64 1.0.0 OK
r-oldrel-windows-ix86+x86_64 1.0.0 5.00 34.00 39.00 OK

Check Details

Version: 1.0.0
Check: LazyData
Result: NOTE
     'LazyData' is specified without a 'data' directory
Flavors: r-devel-linux-x86_64-debian-clang, r-devel-linux-x86_64-debian-gcc, r-devel-linux-x86_64-fedora-clang, r-devel-linux-x86_64-fedora-gcc, r-devel-windows-x86_64, r-devel-windows-x86_64-gcc10-UCRT, r-patched-linux-x86_64, r-patched-solaris-x86, r-release-linux-x86_64, r-release-macos-arm64, r-release-macos-x86_64, r-release-windows-ix86+x86_64