Last updated on 2023-10-02 07:56:38 CEST.
Flavor | Version | Tinstall | Tcheck | Ttotal | Status | Flags |
---|---|---|---|---|---|---|
r-devel-linux-x86_64-debian-clang | 1.0.4 | 7.15 | 65.19 | 72.34 | NOTE | |
r-devel-linux-x86_64-debian-gcc | 1.0.4 | 4.62 | 48.89 | 53.51 | NOTE | |
r-devel-linux-x86_64-fedora-clang | 1.0.4 | 88.67 | NOTE | |||
r-devel-linux-x86_64-fedora-gcc | 1.0.4 | 97.29 | NOTE | |||
r-devel-windows-x86_64 | 1.0.4 | 8.00 | 84.00 | 92.00 | NOTE | |
r-patched-linux-x86_64 | 1.0.4 | 3.96 | 63.53 | 67.49 | NOTE | |
r-release-linux-x86_64 | 1.0.4 | 3.81 | 62.51 | 66.32 | NOTE | |
r-release-macos-arm64 | 1.0.4 | 46.00 | NOTE | |||
r-release-macos-x86_64 | 1.0.4 | 64.00 | NOTE | |||
r-release-windows-x86_64 | 1.0.4 | 8.00 | 95.00 | 103.00 | NOTE | |
r-oldrel-macos-arm64 | 1.0.4 | 39.00 | NOTE | |||
r-oldrel-macos-x86_64 | 1.0.4 | 67.00 | NOTE | |||
r-oldrel-windows-x86_64 | 1.0.4 | 9.00 | 101.00 | 110.00 | NOTE |
Version: 1.0.4
Check: LazyData
Result: NOTE
'LazyData' is specified without a 'data' directory
Flavors: r-devel-linux-x86_64-debian-clang, r-devel-linux-x86_64-debian-gcc, r-devel-linux-x86_64-fedora-clang, r-devel-linux-x86_64-fedora-gcc, r-devel-windows-x86_64, r-patched-linux-x86_64, r-release-linux-x86_64, r-release-macos-arm64, r-release-macos-x86_64, r-release-windows-x86_64, r-oldrel-macos-arm64, r-oldrel-macos-x86_64, r-oldrel-windows-x86_64