CRAN Package Check Results for Package rsolr

Last updated on 2022-08-16 15:50:26 CEST.

Flavor Version Tinstall Tcheck Ttotal Status Flags
r-devel-linux-x86_64-debian-clang 0.0.13 38.39 171.35 209.74 OK --no-tests
r-devel-linux-x86_64-debian-gcc 0.0.13 33.19 129.72 162.91 OK --no-tests
r-devel-linux-x86_64-fedora-clang 0.0.13 1080.62 ERROR
r-devel-linux-x86_64-fedora-gcc 0.0.13 269.21 ERROR
r-devel-windows-x86_64 0.0.13 172.00 358.00 530.00 OK
r-patched-linux-x86_64 0.0.13 36.55 165.14 201.69 OK --no-tests
r-release-linux-x86_64 0.0.13 30.52 167.47 197.99 OK --no-tests
r-release-macos-arm64 0.0.13 135.00 OK
r-release-macos-x86_64 0.0.13 155.00 OK
r-release-windows-x86_64 0.0.13 190.00 373.00 563.00 OK
r-oldrel-macos-arm64 0.0.13 125.00 OK
r-oldrel-macos-x86_64 0.0.13 151.00 OK
r-oldrel-windows-ix86+x86_64 0.0.13 68.00 319.00 387.00 OK

Check Details

Version: 0.0.13
Check: tests
Result: ERROR
     Running ‘rsolr_unit_tests.R’ [14m/90m]
    Running the tests in ‘tests/rsolr_unit_tests.R’ failed.
    Complete output:
     > rsolr:::.test()
     Starting Solr...
     Use options(verbose=TRUE) to diagnose any problems.
     WARNING: An illegal reflective access operation has occurred
     WARNING: Illegal reflective access by org.xnio.nio.NioXnio$2 (file:/data/gannet/ripley/.local/share/R/rsolr/solr-undertow-1.6.0-with-solr-5.5.0/lib/xnio-nio-3.3.4.Final.jar) to constructor sun.nio.ch.EPollSelectorProvider()
     WARNING: Please consider reporting this to the maintainers of org.xnio.nio.NioXnio$2
     WARNING: Use --illegal-access=warn to enable warnings of further illegal reflective access operations
     WARNING: All illegal access operations will be denied in a future release
     Solr started at: http://localhost:8983/solr/techproducts
    
     Attaching package: 'BiocGenerics'
    
     The following objects are masked from 'package:stats':
    
     IQR, mad, sd, var, xtabs
    
     The following objects are masked from 'package:base':
    
     Filter, Find, Map, Position, Reduce, anyDuplicated, append,
     as.data.frame, basename, cbind, colnames, dirname, do.call,
     duplicated, eval, evalq, get, grep, grepl, intersect, is.unsorted,
     lapply, mapply, match, mget, order, paste, pmax, pmax.int, pmin,
     pmin.int, rank, rbind, rownames, sapply, setdiff, sort, table,
     tapply, union, unique, unsplit, which.max, which.min
    
    
     Attaching package: 'rsolr'
    
     The following object is masked from 'package:stats':
    
     ftable
    
     The following object is masked from 'package:base':
    
     grouping
    
     Starting Solr...
     Use options(verbose=TRUE) to diagnose any problems.
     WARNING: An illegal reflective access operation has occurred
     WARNING: Illegal reflective access by org.xnio.nio.NioXnio$2 (file:/data/gannet/ripley/.local/share/R/rsolr/solr-undertow-1.6.0-with-solr-5.5.0/lib/xnio-nio-3.3.4.Final.jar) to constructor sun.nio.ch.EPollSelectorProvider()
     WARNING: Please consider reporting this to the maintainers of org.xnio.nio.NioXnio$2
     WARNING: Use --illegal-access=warn to enable warnings of further illegal reflective access operations
     WARNING: All illegal access operations will be denied in a future release
     Solr started at: http://localhost:8983/solr/Cars93
     Starting Solr...
     Use options(verbose=TRUE) to diagnose any problems.
     WARNING: An illegal reflective access operation has occurred
     WARNING: Illegal reflective access by org.xnio.nio.NioXnio$2 (file:/data/gannet/ripley/.local/share/R/rsolr/solr-undertow-1.6.0-with-solr-5.5.0/lib/xnio-nio-3.3.4.Final.jar) to constructor sun.nio.ch.EPollSelectorProvider()
     WARNING: Please consider reporting this to the maintainers of org.xnio.nio.NioXnio$2
     WARNING: Use --illegal-access=warn to enable warnings of further illegal reflective access operations
     WARNING: All illegal access operations will be denied in a future release
    
     Timing stopped at: 794.4 14.1 5329
     Execution halted
     rm: traversal failed: /tmp/Rtmpq2NACO/working_dir/RtmpR5H0nU: Too many open files
     Warning message:
     In solr$kill() : Test solr not running
Flavor: r-devel-linux-x86_64-fedora-clang

Version: 0.0.13
Check: re-building of vignette outputs
Result: ERROR
    Error(s) in re-building vignettes:
    --- re-building ‘intro.Rnw’ using knitr
    Quitting from lines 122-123 (intro.Rnw)
    Error: processing vignette 'intro.Rnw' failed with diagnostics:
    Failed to retrieve schema.
    rsolr requires schema via REST or as XML from admin module.
    Error from REST: Error in h(simpleError(msg, call)): error in evaluating the argument 'X' in selecting a method for function 'lapply': Not Found
    
    
    --- failed re-building ‘intro.Rnw’
    
    SUMMARY: processing the following file failed:
     ‘intro.Rnw’
    
    Error: Vignette re-building failed.
    Execution halted
Flavor: r-devel-linux-x86_64-fedora-clang

Version: 0.0.13
Check: tests
Result: ERROR
     Running ‘rsolr_unit_tests.R’ [10s/42s]
    Running the tests in ‘tests/rsolr_unit_tests.R’ failed.
    Complete output:
     > rsolr:::.test()
    
     Attaching package: 'BiocGenerics'
    
     The following objects are masked from 'package:stats':
    
     IQR, mad, sd, var, xtabs
    
     The following objects are masked from 'package:base':
    
     Filter, Find, Map, Position, Reduce, anyDuplicated, append,
     as.data.frame, basename, cbind, colnames, dirname, do.call,
     duplicated, eval, evalq, get, grep, grepl, intersect, is.unsorted,
     lapply, mapply, match, mget, order, paste, pmax, pmax.int, pmin,
     pmin.int, rank, rbind, rownames, sapply, setdiff, sort, table,
     tapply, union, unique, unsplit, which.max, which.min
    
    
     Attaching package: 'rsolr'
    
     The following object is masked from 'package:stats':
    
     ftable
    
     The following object is masked from 'package:base':
    
     grouping
    
     Timing stopped at: 0.132 0 2.78
     Error in value[[3L]](cond) : Failed to retrieve schema.
     rsolr requires schema via REST or as XML from admin module.
     Error from REST: Error in h(simpleError(msg, call)): error in evaluating the argument 'X' in selecting a method for function 'lapply': Not Found
    
    
     Timing stopped at: 0.039 0.003 0.314
     Error in value[[3L]](cond) : Failed to retrieve schema.
     rsolr requires schema via REST or as XML from admin module.
     Error from REST: Error in h(simpleError(msg, call)): error in evaluating the argument 'X' in selecting a method for function 'lapply': Not Found
    
    
     Timing stopped at: 0.043 0.001 0.202
     Error in value[[3L]](cond) : Failed to retrieve schema.
     rsolr requires schema via REST or as XML from admin module.
     Error from REST: Error in h(simpleError(msg, call)): error in evaluating the argument 'X' in selecting a method for function 'lapply': Not Found
    
    
     Timing stopped at: 0.052 0 0.179
     Error in value[[3L]](cond) : Failed to retrieve schema.
     rsolr requires schema via REST or as XML from admin module.
     Error from REST: Error in h(simpleError(msg, call)): error in evaluating the argument 'X' in selecting a method for function 'lapply': Not Found
    
    
     Timing stopped at: 0.042 0.002 0.134
     Error in value[[3L]](cond) : Failed to retrieve schema.
     rsolr requires schema via REST or as XML from admin module.
     Error from REST: Error in h(simpleError(msg, call)): error in evaluating the argument 'X' in selecting a method for function 'lapply': Not Found
    
    
     Starting Solr...
     Use options(verbose=TRUE) to diagnose any problems.
     WARNING: An illegal reflective access operation has occurred
     WARNING: Illegal reflective access by org.xnio.nio.NioXnio$2 (file:/data/gannet/ripley/.local/share/R/rsolr/solr-undertow-1.6.0-with-solr-5.5.0/lib/xnio-nio-3.3.4.Final.jar) to constructor sun.nio.ch.EPollSelectorProvider()
     WARNING: Please consider reporting this to the maintainers of org.xnio.nio.NioXnio$2
     WARNING: Use --illegal-access=warn to enable warnings of further illegal reflective access operations
     WARNING: All illegal access operations will be denied in a future release
     Solr started at: http://localhost:8983/solr/Cars93
     Starting Solr...
     Use options(verbose=TRUE) to diagnose any problems.
     WARNING: An illegal reflective access operation has occurred
     WARNING: Illegal reflective access by org.xnio.nio.NioXnio$2 (file:/data/gannet/ripley/.local/share/R/rsolr/solr-undertow-1.6.0-with-solr-5.5.0/lib/xnio-nio-3.3.4.Final.jar) to constructor sun.nio.ch.EPollSelectorProvider()
     WARNING: Please consider reporting this to the maintainers of org.xnio.nio.NioXnio$2
     WARNING: Use --illegal-access=warn to enable warnings of further illegal reflective access operations
     WARNING: All illegal access operations will be denied in a future release
     Solr started at: http://localhost:8983/solr/Cars93
    
    
     RUNIT TEST PROTOCOL -- Sun Aug 7 15:36:11 2022
     ***********************************************
     Number of test functions: 7
     Number of errors: 5
     Number of failures: 0
    
    
     1 Test Suite :
     rsolr RUnit Tests - 7 test functions, 5 errors, 0 failures
     ERROR in test_SolrCore_accessors: Error in value[[3L]](cond) : Failed to retrieve schema.
     rsolr requires schema via REST or as XML from admin module.
     Error from REST: Error in h(simpleError(msg, call)): error in evaluating the argument 'X' in selecting a method for function 'lapply': Not Found
    
    
     ERROR in test_SolrFrame_accessors: Error in value[[3L]](cond) : Failed to retrieve schema.
     rsolr requires schema via REST or as XML from admin module.
     Error from REST: Error in h(simpleError(msg, call)): error in evaluating the argument 'X' in selecting a method for function 'lapply': Not Found
    
    
     ERROR in test_SolrList_accessors: Error in value[[3L]](cond) : Failed to retrieve schema.
     rsolr requires schema via REST or as XML from admin module.
     Error from REST: Error in h(simpleError(msg, call)): error in evaluating the argument 'X' in selecting a method for function 'lapply': Not Found
    
    
     ERROR in test_SolrList_queries: Error in value[[3L]](cond) : Failed to retrieve schema.
     rsolr requires schema via REST or as XML from admin module.
     Error from REST: Error in h(simpleError(msg, call)): error in evaluating the argument 'X' in selecting a method for function 'lapply': Not Found
    
    
     ERROR in test_SolrQuery: Error in value[[3L]](cond) : Failed to retrieve schema.
     rsolr requires schema via REST or as XML from admin module.
     Error from REST: Error in h(simpleError(msg, call)): error in evaluating the argument 'X' in selecting a method for function 'lapply': Not Found
    
    
    
     Test files with failing tests
    
     test_SolrCore.R
     test_SolrCore_accessors
    
     test_SolrFrame.R
     test_SolrFrame_accessors
    
     test_SolrList.R
     test_SolrList_accessors
     test_SolrList_queries
    
     test_SolrQuery.R
     test_SolrQuery
    
    
     Error in get("testPackage", getNamespace("BiocGenerics"))("rsolr") :
     unit tests failed for package rsolr
     Calls: <Anonymous> -> <Anonymous>
     Execution halted
Flavor: r-devel-linux-x86_64-fedora-gcc