CRAN Package Check Results for Package rsmatch

Last updated on 2024-05-18 23:21:13 CEST.

Flavor Version Tinstall Tcheck Ttotal Status Flags
r-devel-linux-x86_64-debian-clang 0.2.1 2.74 60.81 63.55 NOTE
r-devel-linux-x86_64-debian-gcc 0.2.1 2.20 43.95 46.15 NOTE
r-devel-linux-x86_64-fedora-clang 0.2.1 83.12 NOTE
r-devel-linux-x86_64-fedora-gcc 0.2.1 89.88 NOTE
r-devel-windows-x86_64 0.2.1 4.00 63.00 67.00 NOTE
r-patched-linux-x86_64 0.2.1 2.57 57.20 59.77 NOTE
r-release-linux-x86_64 0.2.1 2.23 56.71 58.94 NOTE
r-release-macos-arm64 0.2.1 30.00 NOTE
r-release-macos-x86_64 0.2.1 78.00 NOTE
r-release-windows-x86_64 0.2.1 5.00 64.00 69.00 NOTE
r-oldrel-macos-arm64 0.2.1 46.00 NOTE
r-oldrel-macos-x86_64 0.2.1 65.00 NOTE
r-oldrel-windows-x86_64 0.2.1 5.00 69.00 74.00 NOTE

Check Details

Version: 0.2.1
Check: package dependencies
Result: NOTE Package suggested but not available for checking: ‘gurobi’ Flavors: r-devel-linux-x86_64-debian-clang, r-devel-linux-x86_64-debian-gcc, r-devel-linux-x86_64-fedora-clang, r-devel-linux-x86_64-fedora-gcc, r-devel-windows-x86_64, r-patched-linux-x86_64, r-release-linux-x86_64, r-release-macos-arm64, r-release-macos-x86_64, r-release-windows-x86_64, r-oldrel-macos-arm64, r-oldrel-macos-x86_64, r-oldrel-windows-x86_64