Last updated on 2023-12-11 05:52:06 CET.
Flavor | Version | Tinstall | Tcheck | Ttotal | Status | Flags |
---|---|---|---|---|---|---|
r-devel-linux-x86_64-debian-clang | 0.6.1 | 5.94 | 56.97 | 62.91 | NOTE | |
r-devel-linux-x86_64-debian-gcc | 0.6.1 | 4.88 | 42.02 | 46.90 | NOTE | |
r-devel-linux-x86_64-fedora-clang | 0.6.1 | 81.90 | NOTE | |||
r-devel-linux-x86_64-fedora-gcc | 0.6.1 | 79.34 | NOTE | |||
r-devel-windows-x86_64 | 0.6.1 | 7.00 | 64.00 | 71.00 | OK | |
r-patched-linux-x86_64 | 0.6.1 | 5.61 | 54.08 | 59.69 | OK | |
r-release-linux-x86_64 | 0.6.1 | 5.49 | 52.91 | 58.40 | OK | |
r-release-macos-arm64 | 0.6.1 | 27.00 | OK | |||
r-release-macos-x86_64 | 0.6.1 | 41.00 | OK | |||
r-release-windows-x86_64 | 0.6.1 | 9.00 | 70.00 | 79.00 | OK | |
r-oldrel-macos-arm64 | 0.6.1 | 28.00 | NOTE | |||
r-oldrel-macos-x86_64 | 0.6.1 | 53.00 | NOTE | |||
r-oldrel-windows-x86_64 | 0.6.1 | 8.00 | 75.00 | 83.00 | OK |
Version: 0.6.1
Check: Rd files
Result: NOTE
checkRd: (-1) sinaica_param_data.Rd:13: Lost braces in \itemize; meant \describe ?
checkRd: (-1) sinaica_param_data.Rd:14: Lost braces in \itemize; meant \describe ?
checkRd: (-1) sinaica_param_data.Rd:15: Lost braces in \itemize; meant \describe ?
checkRd: (-1) sinaica_param_data.Rd:16: Lost braces in \itemize; meant \describe ?
checkRd: (-1) sinaica_param_data.Rd:17: Lost braces in \itemize; meant \describe ?
checkRd: (-1) sinaica_param_data.Rd:18: Lost braces in \itemize; meant \describe ?
checkRd: (-1) sinaica_param_data.Rd:19: Lost braces in \itemize; meant \describe ?
checkRd: (-1) sinaica_param_data.Rd:20: Lost braces in \itemize; meant \describe ?
checkRd: (-1) sinaica_param_data.Rd:21: Lost braces in \itemize; meant \describe ?
checkRd: (-1) sinaica_param_data.Rd:22: Lost braces in \itemize; meant \describe ?
checkRd: (-1) sinaica_param_data.Rd:23: Lost braces in \itemize; meant \describe ?
checkRd: (-1) sinaica_param_data.Rd:24: Lost braces in \itemize; meant \describe ?
checkRd: (-1) sinaica_param_data.Rd:25: Lost braces in \itemize; meant \describe ?
checkRd: (-1) sinaica_param_data.Rd:26: Lost braces in \itemize; meant \describe ?
checkRd: (-1) sinaica_param_data.Rd:27: Lost braces in \itemize; meant \describe ?
checkRd: (-1) sinaica_param_data.Rd:28: Lost braces in \itemize; meant \describe ?
checkRd: (-1) sinaica_param_data.Rd:29: Lost braces in \itemize; meant \describe ?
checkRd: (-1) sinaica_param_data.Rd:30: Lost braces in \itemize; meant \describe ?
checkRd: (-1) sinaica_param_data.Rd:31: Lost braces in \itemize; meant \describe ?
checkRd: (-1) sinaica_param_data.Rd:32: Lost braces in \itemize; meant \describe ?
checkRd: (-1) sinaica_param_data.Rd:33: Lost braces in \itemize; meant \describe ?
checkRd: (-1) sinaica_param_data.Rd:34: Lost braces in \itemize; meant \describe ?
checkRd: (-1) sinaica_param_data.Rd:35: Lost braces in \itemize; meant \describe ?
checkRd: (-1) sinaica_param_data.Rd:36: Lost braces in \itemize; meant \describe ?
checkRd: (-1) sinaica_param_data.Rd:37: Lost braces in \itemize; meant \describe ?
checkRd: (-1) sinaica_param_data.Rd:38: Lost braces in \itemize; meant \describe ?
checkRd: (-1) sinaica_param_data.Rd:39: Lost braces in \itemize; meant \describe ?
checkRd: (-1) sinaica_param_data.Rd:40: Lost braces in \itemize; meant \describe ?
checkRd: (-1) sinaica_param_data.Rd:49: Lost braces in \itemize; meant \describe ?
checkRd: (-1) sinaica_param_data.Rd:50-52: Lost braces in \itemize; meant \describe ?
checkRd: (-1) sinaica_station_data.Rd:16: Lost braces in \itemize; meant \describe ?
checkRd: (-1) sinaica_station_data.Rd:17: Lost braces in \itemize; meant \describe ?
checkRd: (-1) sinaica_station_data.Rd:18: Lost braces in \itemize; meant \describe ?
checkRd: (-1) sinaica_station_data.Rd:19: Lost braces in \itemize; meant \describe ?
checkRd: (-1) sinaica_station_data.Rd:20: Lost braces in \itemize; meant \describe ?
checkRd: (-1) sinaica_station_data.Rd:21: Lost braces in \itemize; meant \describe ?
checkRd: (-1) sinaica_station_data.Rd:22: Lost braces in \itemize; meant \describe ?
checkRd: (-1) sinaica_station_data.Rd:23: Lost braces in \itemize; meant \describe ?
checkRd: (-1) sinaica_station_data.Rd:24: Lost braces in \itemize; meant \describe ?
checkRd: (-1) sinaica_station_data.Rd:25: Lost braces in \itemize; meant \describe ?
checkRd: (-1) sinaica_station_data.Rd:26: Lost braces in \itemize; meant \describe ?
checkRd: (-1) sinaica_station_data.Rd:27: Lost braces in \itemize; meant \describe ?
checkRd: (-1) sinaica_station_data.Rd:28: Lost braces in \itemize; meant \describe ?
checkRd: (-1) sinaica_station_data.Rd:29: Lost braces in \itemize; meant \describe ?
checkRd: (-1) sinaica_station_data.Rd:30: Lost braces in \itemize; meant \describe ?
checkRd: (-1) sinaica_station_data.Rd:31: Lost braces in \itemize; meant \describe ?
checkRd: (-1) sinaica_station_data.Rd:32: Lost braces in \itemize; meant \describe ?
checkRd: (-1) sinaica_station_data.Rd:33: Lost braces in \itemize; meant \describe ?
checkRd: (-1) sinaica_station_data.Rd:34: Lost braces in \itemize; meant \describe ?
checkRd: (-1) sinaica_station_data.Rd:35: Lost braces in \itemize; meant \describe ?
checkRd: (-1) sinaica_station_data.Rd:36: Lost braces in \itemize; meant \describe ?
checkRd: (-1) sinaica_station_data.Rd:37: Lost braces in \itemize; meant \describe ?
checkRd: (-1) sinaica_station_data.Rd:38: Lost braces in \itemize; meant \describe ?
checkRd: (-1) sinaica_station_data.Rd:39: Lost braces in \itemize; meant \describe ?
checkRd: (-1) sinaica_station_data.Rd:40: Lost braces in \itemize; meant \describe ?
checkRd: (-1) sinaica_station_data.Rd:41: Lost braces in \itemize; meant \describe ?
checkRd: (-1) sinaica_station_data.Rd:42: Lost braces in \itemize; meant \describe ?
checkRd: (-1) sinaica_station_data.Rd:43: Lost braces in \itemize; meant \describe ?
checkRd: (-1) sinaica_station_data.Rd:52: Lost braces in \itemize; meant \describe ?
checkRd: (-1) sinaica_station_data.Rd:53-54: Lost braces in \itemize; meant \describe ?
checkRd: (-1) sinaica_station_data.Rd:55-57: Lost braces in \itemize; meant \describe ?
checkRd: (-1) sinaica_station_dates.Rd:15: Lost braces in \itemize; meant \describe ?
checkRd: (-1) sinaica_station_dates.Rd:16: Lost braces in \itemize; meant \describe ?
checkRd: (-1) sinaica_station_dates.Rd:17: Lost braces in \itemize; meant \describe ?
checkRd: (-1) sinaica_station_params.Rd:15: Lost braces in \itemize; meant \describe ?
checkRd: (-1) sinaica_station_params.Rd:16: Lost braces in \itemize; meant \describe ?
checkRd: (-1) sinaica_station_params.Rd:17: Lost braces in \itemize; meant \describe ?
Flavors: r-devel-linux-x86_64-debian-clang, r-devel-linux-x86_64-debian-gcc
Version: 0.6.1
Check: data for non-ASCII characters
Result: NOTE
Note: found 467 marked UTF-8 strings
Flavors: r-devel-linux-x86_64-fedora-clang, r-devel-linux-x86_64-fedora-gcc, r-oldrel-macos-arm64, r-oldrel-macos-x86_64