CRAN Package Check Results for Package rscorecard

Last updated on 2020-08-07 05:48:31 CEST.

Flavor Version Tinstall Tcheck Ttotal Status Flags
r-devel-linux-x86_64-debian-clang 0.16.0 2.82 28.74 31.56 OK
r-devel-linux-x86_64-debian-gcc 0.16.0 2.36 22.43 24.79 OK
r-devel-linux-x86_64-fedora-clang 0.16.0 46.42 NOTE
r-devel-linux-x86_64-fedora-gcc 0.16.0 36.52 NOTE
r-devel-windows-ix86+x86_64 0.16.0 12.00 56.00 68.00 OK
r-patched-linux-x86_64 0.16.0 2.86 28.73 31.59 OK
r-patched-solaris-x86 0.16.0 58.60 NOTE
r-release-linux-x86_64 0.16.0 3.05 28.34 31.39 OK
r-release-macos-x86_64 0.16.0 NOTE
r-release-windows-ix86+x86_64 0.16.0 13.00 42.00 55.00 OK
r-oldrel-macos-x86_64 0.16.0 NOTE
r-oldrel-windows-ix86+x86_64 0.16.0 6.00 66.00 72.00 OK

Check Details

Version: 0.16.0
Check: dependencies in R code
Result: NOTE
    Namespace in Imports field not imported from: ‘tidyselect’
     All declared Imports should be used.
Flavors: r-devel-linux-x86_64-fedora-clang, r-devel-linux-x86_64-fedora-gcc, r-patched-solaris-x86, r-release-macos-x86_64, r-oldrel-macos-x86_64