CRAN Package Check Results for Package rscorecard

Last updated on 2020-01-19 08:47:58 CET.

Flavor Version Tinstall Tcheck Ttotal Status Flags
r-devel-linux-x86_64-debian-clang 0.14.0 3.22 29.47 32.69 OK
r-devel-linux-x86_64-debian-gcc 0.14.0 2.38 22.99 25.37 OK
r-devel-linux-x86_64-fedora-clang 0.14.0 39.19 NOTE
r-devel-linux-x86_64-fedora-gcc 0.14.0 31.46 NOTE
r-devel-windows-ix86+x86_64 0.14.0 12.00 57.00 69.00 OK
r-devel-windows-ix86+x86_64-gcc8 0.14.0 8.00 57.00 65.00 OK
r-patched-linux-x86_64 0.14.0 2.52 26.92 29.44 OK
r-patched-solaris-x86 0.14.0 54.80 NOTE
r-release-linux-x86_64 0.14.0 2.20 26.83 29.03 OK
r-release-windows-ix86+x86_64 0.14.0 8.00 51.00 59.00 OK
r-release-osx-x86_64 0.14.0 NOTE
r-oldrel-windows-ix86+x86_64 0.14.0 5.00 36.00 41.00 OK
r-oldrel-osx-x86_64 0.14.0 NOTE

Check Details

Version: 0.14.0
Check: dependencies in R code
Result: NOTE
    Namespace in Imports field not imported from: ‘tidyselect’
     All declared Imports should be used.
Flavors: r-devel-linux-x86_64-fedora-clang, r-devel-linux-x86_64-fedora-gcc, r-patched-solaris-x86, r-release-osx-x86_64, r-oldrel-osx-x86_64