CRAN Package Check Results for Package rscimark

Last updated on 2019-04-20 14:46:59 CEST.

Flavor Version Tinstall Tcheck Ttotal Status Flags
r-devel-linux-x86_64-debian-clang 1.0 2.98 22.36 25.34 OK
r-devel-linux-x86_64-debian-gcc 1.0 3.04 23.13 26.17 OK
r-devel-linux-x86_64-fedora-clang 1.0 30.37 NOTE
r-devel-linux-x86_64-fedora-gcc 1.0 29.30 NOTE
r-devel-windows-ix86+x86_64 1.0 21.00 63.00 84.00 OK
r-patched-linux-x86_64 1.0 2.89 22.34 25.23 OK
r-patched-solaris-x86 1.0 50.00 OK
r-release-linux-x86_64 1.0 2.14 21.07 23.21 OK
r-release-windows-ix86+x86_64 1.0 12.00 63.00 75.00 OK
r-release-osx-x86_64 1.0 OK
r-oldrel-windows-ix86+x86_64 1.0 12.00 52.00 64.00 OK
r-oldrel-osx-x86_64 1.0 OK

Check Details

Version: 1.0
Check: compiled code
Result: NOTE
    File ‘rscimark/libs/rscimark.so’:
     Found no calls to: ‘R_registerRoutines’, ‘R_useDynamicSymbols’
    
    It is good practice to register native routines and to disable symbol
    search.
    
    See ‘Writing portable packages’ in the ‘Writing R Extensions’ manual.
Flavors: r-devel-linux-x86_64-fedora-clang, r-devel-linux-x86_64-fedora-gcc