CRAN Package Check Results for Package rscimark

Last updated on 2019-06-24 15:48:27 CEST.

Flavor Version Tinstall Tcheck Ttotal Status Flags
r-devel-linux-x86_64-debian-clang 1.0 3.10 22.49 25.59 OK
r-devel-linux-x86_64-debian-gcc 1.0 2.12 19.60 21.72 OK
r-devel-linux-x86_64-fedora-clang 1.0 31.07 NOTE
r-devel-linux-x86_64-fedora-gcc 1.0 30.32 NOTE
r-devel-windows-ix86+x86_64 1.0 20.00 49.00 69.00 OK
r-patched-linux-x86_64 1.0 2.55 22.30 24.85 OK
r-patched-solaris-x86 1.0 51.90 OK
r-release-linux-x86_64 1.0 2.60 22.38 24.98 OK
r-release-windows-ix86+x86_64 1.0 14.00 64.00 78.00 OK
r-release-osx-x86_64 1.0 OK
r-oldrel-windows-ix86+x86_64 1.0 12.00 48.00 60.00 OK
r-oldrel-osx-x86_64 1.0 OK

Check Details

Version: 1.0
Check: compiled code
Result: NOTE
    File ‘rscimark/libs/rscimark.so’:
     Found no calls to: ‘R_registerRoutines’, ‘R_useDynamicSymbols’
    
    It is good practice to register native routines and to disable symbol
    search.
    
    See ‘Writing portable packages’ in the ‘Writing R Extensions’ manual.
Flavors: r-devel-linux-x86_64-fedora-clang, r-devel-linux-x86_64-fedora-gcc