CRAN Package Check Results for Package rscala

Last updated on 2020-09-18 20:47:38 CEST.

Flavor Version Tinstall Tcheck Ttotal Status Flags
r-devel-linux-x86_64-debian-clang 3.2.19 18.87 135.56 154.43 OK
r-devel-linux-x86_64-debian-gcc 3.2.19 17.70 106.78 124.48 OK
r-devel-linux-x86_64-fedora-clang 3.2.19 180.68 OK
r-devel-linux-x86_64-fedora-gcc 3.2.19 173.04 OK
r-devel-windows-ix86+x86_64 3.2.19 19.00 211.00 230.00 OK
r-patched-linux-x86_64 3.2.19 21.06 136.12 157.18 OK
r-release-linux-x86_64 3.2.19 19.29 135.80 155.09 OK
r-release-macos-x86_64 3.2.19 NOTE
r-release-windows-ix86+x86_64 3.2.19 22.00 256.00 278.00 OK
r-oldrel-macos-x86_64 3.2.19 NOTE
r-oldrel-windows-ix86+x86_64 3.2.19 13.00 240.00 253.00 OK

Check Details

Version: 3.2.19
Check: installed package size
Result: NOTE
     installed size is 21.4Mb
     sub-directories of 1Mb or more:
     dependencies 20.2Mb
Flavors: r-release-macos-x86_64, r-oldrel-macos-x86_64