CRAN Package Check Results for Package rsample

Last updated on 2021-05-09 11:48:47 CEST.

Flavor Version Tinstall Tcheck Ttotal Status Flags
r-devel-linux-x86_64-debian-clang 0.0.9 7.37 191.21 198.58 NOTE
r-devel-linux-x86_64-debian-gcc 0.1.0 6.32 136.04 142.36 OK
r-devel-linux-x86_64-fedora-clang 0.1.0 246.00 OK
r-devel-linux-x86_64-fedora-gcc 0.1.0 239.57 OK
r-devel-windows-ix86+x86_64 0.0.9 27.00 229.00 256.00 NOTE
r-devel-windows-x86_64-gcc10-UCRT 0.0.9 NOTE
r-patched-linux-x86_64 0.0.9 8.24 177.12 185.36 NOTE
r-patched-solaris-x86 0.0.9 307.70 OK
r-release-linux-x86_64 0.1.0 8.51 179.01 187.52 OK
r-release-macos-x86_64 0.0.9 OK
r-release-windows-ix86+x86_64 0.0.9 12.00 172.00 184.00 OK
r-oldrel-macos-x86_64 0.0.9 OK
r-oldrel-windows-ix86+x86_64 0.0.9 15.00 218.00 233.00 OK

Check Details

Version: 0.0.9
Check: LazyData
Result: NOTE
     'LazyData' is specified without a 'data' directory
Flavors: r-devel-linux-x86_64-debian-clang, r-devel-windows-ix86+x86_64, r-devel-windows-x86_64-gcc10-UCRT, r-patched-linux-x86_64