CRAN Package Check Results for Package rrpack

Last updated on 2021-12-02 23:51:21 CET.

Flavor Version Tinstall Tcheck Ttotal Status Flags
r-devel-linux-x86_64-debian-clang 0.1-11 99.71 113.37 213.08 NOTE
r-devel-linux-x86_64-debian-gcc 0.1-11 75.68 85.73 161.41 NOTE
r-devel-linux-x86_64-fedora-clang 0.1-11 303.33 NOTE
r-devel-linux-x86_64-fedora-gcc 0.1-11 270.30 NOTE
r-devel-windows-x86_64-new-UL 0.1-11 137.00 179.00 316.00 NOTE
r-devel-windows-x86_64-new-TK 0.1-11 NOTE
r-devel-windows-x86_64-old 0.1-11 134.00 110.00 244.00 NOTE
r-patched-linux-x86_64 0.1-11 85.68 105.96 191.64 NOTE
r-patched-solaris-x86 0.1-11 282.60 NOTE
r-release-linux-x86_64 0.1-11 87.35 105.62 192.97 NOTE
r-release-macos-arm64 0.1-11 NOTE
r-release-macos-x86_64 0.1-11 NOTE
r-release-windows-ix86+x86_64 0.1-11 250.00 181.00 431.00 NOTE
r-oldrel-macos-x86_64 0.1-11 OK
r-oldrel-windows-ix86+x86_64 0.1-11 254.00 178.00 432.00 OK

Check Details

Version: 0.1-11
Check: LazyData
Result: NOTE
     'LazyData' is specified without a 'data' directory
Flavors: r-devel-linux-x86_64-debian-clang, r-devel-linux-x86_64-debian-gcc, r-devel-linux-x86_64-fedora-clang, r-devel-linux-x86_64-fedora-gcc, r-devel-windows-x86_64-new-UL, r-devel-windows-x86_64-new-TK, r-devel-windows-x86_64-old, r-patched-linux-x86_64, r-patched-solaris-x86, r-release-linux-x86_64, r-release-macos-arm64, r-release-macos-x86_64, r-release-windows-ix86+x86_64