CRAN Package Check Results for Package rroad

Last updated on 2019-07-21 07:49:19 CEST.

Flavor Version Tinstall Tcheck Ttotal Status Flags
r-devel-linux-x86_64-debian-clang 0.0.5 1.49 26.41 27.90 OK
r-devel-linux-x86_64-debian-gcc 0.0.5 1.32 21.05 22.37 OK
r-devel-linux-x86_64-fedora-clang 0.0.5 34.61 OK
r-devel-linux-x86_64-fedora-gcc 0.0.5 34.23 OK
r-devel-windows-ix86+x86_64 0.0.5 4.00 51.00 55.00 OK
r-patched-linux-x86_64 0.0.5 1.55 26.40 27.95 OK
r-patched-solaris-x86 0.0.5 56.60 OK
r-release-linux-x86_64 0.0.5 1.53 26.29 27.82 OK
r-release-windows-ix86+x86_64 0.0.5 4.00 37.00 41.00 OK
r-release-osx-x86_64 0.0.5 OK
r-oldrel-windows-ix86+x86_64 0.0.5 4.00 37.00 41.00 OK
r-oldrel-osx-x86_64 0.0.5 NOTE

Check Details

Version: 0.0.5
Check: package dependencies
Result: NOTE
    Package suggested but not available for checking: ‘biwavelet’
Flavor: r-oldrel-osx-x86_64