CRAN Package Check Results for Package rroad

Last updated on 2019-04-25 10:49:18 CEST.

Flavor Version Tinstall Tcheck Ttotal Status Flags
r-devel-linux-x86_64-debian-clang 0.0.5 1.38 26.28 27.66 OK
r-devel-linux-x86_64-debian-gcc 0.0.5 1.32 20.77 22.09 OK
r-devel-linux-x86_64-fedora-clang 0.0.5 33.93 OK
r-devel-linux-x86_64-fedora-gcc 0.0.5 32.71 OK
r-devel-windows-ix86+x86_64 0.0.5 8.00 36.00 44.00 OK
r-patched-linux-x86_64 0.0.5 1.61 26.35 27.96 OK
r-patched-solaris-x86 0.0.5 52.90 OK
r-release-linux-x86_64 0.0.5 0.86 25.30 26.16 OK
r-release-windows-ix86+x86_64 0.0.5 2.00 47.00 49.00 OK
r-release-osx-x86_64 0.0.5 NOTE
r-oldrel-windows-ix86+x86_64 0.0.5 3.00 36.00 39.00 OK
r-oldrel-osx-x86_64 0.0.5 OK

Check Details

Version: 0.0.5
Check: package dependencies
Result: NOTE
    Package suggested but not available for checking: ‘biwavelet’
Flavor: r-release-osx-x86_64