CRAN Package Check Results for Package rreg

Last updated on 2023-12-11 07:49:42 CET.

Flavor Version Tinstall Tcheck Ttotal Status Flags
r-devel-linux-x86_64-debian-clang 0.2.1 5.03 60.88 65.91 NOTE
r-devel-linux-x86_64-debian-gcc 0.2.1 4.27 45.87 50.14 NOTE
r-devel-linux-x86_64-fedora-clang 0.2.1 83.02 OK
r-devel-linux-x86_64-fedora-gcc 0.2.1 77.26 OK
r-devel-windows-x86_64 0.2.1 6.00 65.00 71.00 OK
r-patched-linux-x86_64 0.2.1 5.03 59.16 64.19 OK
r-release-linux-x86_64 0.2.1 5.42 57.93 63.35 OK
r-release-macos-arm64 0.2.1 32.00 OK
r-release-macos-x86_64 0.2.1 46.00 OK
r-release-windows-x86_64 0.2.1 8.00 74.00 82.00 OK
r-oldrel-macos-arm64 0.2.1 26.00 OK
r-oldrel-macos-x86_64 0.2.1 57.00 OK
r-oldrel-windows-x86_64 0.2.1 8.00 75.00 83.00 OK

Check Details

Version: 0.2.1
Check: Rd files
Result: NOTE checkRd: (-1) regrad.Rd:46: Lost braces; missing escapes or markup? 46 | \item \code{x-axis} {1st column: The names of the different institutions} | ^ checkRd: (-1) regrad.Rd:47: Lost braces; missing escapes or markup? 47 | \item \code{y-axis} {2nd column: The value to show completeness} | ^ Flavors: r-devel-linux-x86_64-debian-clang, r-devel-linux-x86_64-debian-gcc