CRAN Package Check Results for Package rrefine

Last updated on 2023-12-11 18:53:41 CET.

Flavor Version Tinstall Tcheck Ttotal Status Flags
r-devel-linux-x86_64-debian-clang 2.1.0 2.10 28.88 30.98 NOTE
r-devel-linux-x86_64-debian-gcc 2.1.0 1.99 22.32 24.31 NOTE
r-devel-linux-x86_64-fedora-clang 2.1.0 39.81 OK
r-devel-linux-x86_64-fedora-gcc 2.1.0 48.72 OK
r-devel-windows-x86_64 2.1.0 4.00 48.00 52.00 OK
r-patched-linux-x86_64 2.1.0 2.02 28.50 30.52 OK
r-release-linux-x86_64 2.1.0 1.69 28.29 29.98 OK
r-release-macos-arm64 2.1.0 25.00 OK
r-release-macos-x86_64 2.1.0 35.00 OK
r-release-windows-x86_64 2.1.0 5.00 49.00 54.00 OK
r-oldrel-macos-arm64 2.1.0 23.00 OK
r-oldrel-macos-x86_64 2.1.0 26.00 OK
r-oldrel-windows-x86_64 2.1.0 4.00 48.00 52.00 OK

Check Details

Version: 2.1.0
Check: Rd files
Result: NOTE checkRd: (-1) lateformeeting.Rd:10: Lost braces in \itemize; meant \describe ? checkRd: (-1) lateformeeting.Rd:11: Lost braces in \itemize; meant \describe ? checkRd: (-1) lateformeeting.Rd:12: Lost braces in \itemize; meant \describe ? checkRd: (-1) lateformeeting.Rd:13: Lost braces in \itemize; meant \describe ? checkRd: (-1) lfm_clean.Rd:10: Lost braces in \itemize; meant \describe ? checkRd: (-1) lfm_clean.Rd:11: Lost braces in \itemize; meant \describe ? checkRd: (-1) lfm_clean.Rd:12: Lost braces in \itemize; meant \describe ? checkRd: (-1) lfm_clean.Rd:13: Lost braces in \itemize; meant \describe ? Flavors: r-devel-linux-x86_64-debian-clang, r-devel-linux-x86_64-debian-gcc