CRAN Package Check Results for Package rrd

Last updated on 2019-05-21 18:56:42 CEST.

Flavor Version Tinstall Tcheck Ttotal Status Flags
r-devel-linux-x86_64-debian-clang 0.2.1 4.29 24.11 28.40 OK
r-devel-linux-x86_64-debian-gcc 0.2.1 3.01 19.25 22.26 OK
r-devel-linux-x86_64-fedora-clang 0.2.1 34.22 NOTE
r-devel-linux-x86_64-fedora-gcc 0.2.1 31.01 OK
r-patched-linux-x86_64 0.2.1 3.53 23.64 27.17 OK
r-release-linux-x86_64 0.2.1 3.15 23.43 26.58 OK
r-release-osx-x86_64 0.2.1 ERROR
r-oldrel-osx-x86_64 0.2.1 ERROR

Check Details

Version: 0.2.1
Check: installed package size
Result: NOTE
     installed size is 13.0Mb
     sub-directories of 1Mb or more:
     extdata 12.8Mb
Flavor: r-devel-linux-x86_64-fedora-clang

Version: 0.2.1
Check: whether package can be installed
Result: ERROR
    Installation failed.
Flavors: r-release-osx-x86_64, r-oldrel-osx-x86_64