CRAN Package Check Results for Package rrd

Last updated on 2020-06-04 15:49:21 CEST.

Flavor Version Tinstall Tcheck Ttotal Status Flags
r-devel-linux-x86_64-debian-clang 0.2.2 5.65 30.10 35.75 OK
r-devel-linux-x86_64-debian-gcc 0.2.2 3.92 23.40 27.32 OK
r-devel-linux-x86_64-fedora-clang 0.2.2 49.94 NOTE
r-devel-linux-x86_64-fedora-gcc 0.2.2 40.63 OK
r-patched-linux-x86_64 0.2.2 4.80 29.13 33.93 OK
r-release-linux-x86_64 0.2.2 4.92 28.94 33.86 OK
r-release-osx-x86_64 0.2.2 ERROR
r-oldrel-osx-x86_64 0.2.2 ERROR

Check Details

Version: 0.2.2
Check: installed package size
Result: NOTE
     installed size is 13.1Mb
     sub-directories of 1Mb or more:
     extdata 12.8Mb
Flavor: r-devel-linux-x86_64-fedora-clang

Version: 0.2.2
Check: whether package can be installed
Result: ERROR
    Installation failed.
Flavors: r-release-osx-x86_64, r-oldrel-osx-x86_64