CRAN Package Check Results for Package rrMixture

Last updated on 2024-06-14 05:58:37 CEST.

Flavor Version Tinstall Tcheck Ttotal Status Flags
r-devel-linux-x86_64-debian-clang 0.1-2 32.03 1212.91 1244.94 OK
r-devel-linux-x86_64-debian-gcc 0.1-2 23.40 759.44 782.84 ERROR
r-devel-linux-x86_64-fedora-clang 0.1-2 1487.10 OK
r-devel-linux-x86_64-fedora-gcc 0.1-2 1406.41 OK
r-devel-windows-x86_64 0.1-2 28.00 721.00 749.00 OK
r-patched-linux-x86_64 0.1-2 28.84 1085.89 1114.73 OK
r-release-linux-x86_64 0.1-2 25.07 1127.75 1152.82 OK
r-release-macos-arm64 0.1-2 304.00 OK
r-release-macos-x86_64 0.1-2 640.00 OK
r-release-windows-x86_64 0.1-2 29.00 736.00 765.00 OK
r-oldrel-macos-arm64 0.1-2 358.00 OK
r-oldrel-macos-x86_64 0.1-2 663.00 OK
r-oldrel-windows-x86_64 0.1-2 35.00 981.00 1016.00 OK

Check Details

Version: 0.1-2
Check: package dependencies
Result: NOTE Package suggested but not available for checking: ‘rrpack’ Flavor: r-devel-linux-x86_64-debian-gcc

Version: 0.1-2
Check: re-building of vignette outputs
Result: ERROR Error(s) in re-building vignettes: ... --- re-building ‘rrMixture.Rmd’ using rmarkdown ** Processing: /home/hornik/tmp/R.check/r-devel-gcc/Work/PKGS/rrMixture.Rcheck/vign_test/rrMixture/vignettes/rrMixture_files/figure-html/unnamed-chunk-10-1.png 672x480 pixels, 3x8 bits/pixel, RGB Input IDAT size = 34183 bytes Input file size = 34309 bytes Trying: zc = 9 zm = 8 zs = 0 f = 0 IDAT size = 27759 zc = 9 zm = 8 zs = 1 f = 0 zc = 1 zm = 8 zs = 2 f = 0 zc = 9 zm = 8 zs = 3 f = 0 zc = 9 zm = 8 zs = 0 f = 5 zc = 9 zm = 8 zs = 1 f = 5 zc = 1 zm = 8 zs = 2 f = 5 zc = 9 zm = 8 zs = 3 f = 5 Selecting parameters: zc = 9 zm = 8 zs = 0 f = 0 IDAT size = 27759 Output IDAT size = 27759 bytes (6424 bytes decrease) Output file size = 27837 bytes (6472 bytes = 18.86% decrease) ** Processing: /home/hornik/tmp/R.check/r-devel-gcc/Work/PKGS/rrMixture.Rcheck/vign_test/rrMixture/vignettes/rrMixture_files/figure-html/unnamed-chunk-13-1.png 672x480 pixels, 3x8 bits/pixel, RGB Input IDAT size = 26607 bytes Input file size = 26721 bytes Trying: zc = 9 zm = 8 zs = 0 f = 0 IDAT size = 21722 zc = 9 zm = 8 zs = 1 f = 0 zc = 1 zm = 8 zs = 2 f = 0 zc = 9 zm = 8 zs = 3 f = 0 zc = 9 zm = 8 zs = 0 f = 5 zc = 9 zm = 8 zs = 1 f = 5 zc = 1 zm = 8 zs = 2 f = 5 zc = 9 zm = 8 zs = 3 f = 5 Selecting parameters: zc = 9 zm = 8 zs = 0 f = 0 IDAT size = 21722 Output IDAT size = 21722 bytes (4885 bytes decrease) Output file size = 21800 bytes (4921 bytes = 18.42% decrease) ** Processing: /home/hornik/tmp/R.check/r-devel-gcc/Work/PKGS/rrMixture.Rcheck/vign_test/rrMixture/vignettes/rrMixture_files/figure-html/unnamed-chunk-16-1.png 672x480 pixels, 3x8 bits/pixel, RGB Input IDAT size = 22020 bytes Input file size = 22122 bytes Trying: zc = 9 zm = 8 zs = 0 f = 0 IDAT size = 18345 zc = 9 zm = 8 zs = 1 f = 0 zc = 1 zm = 8 zs = 2 f = 0 zc = 9 zm = 8 zs = 3 f = 0 zc = 9 zm = 8 zs = 0 f = 5 zc = 9 zm = 8 zs = 1 f = 5 zc = 1 zm = 8 zs = 2 f = 5 zc = 9 zm = 8 zs = 3 f = 5 Selecting parameters: zc = 9 zm = 8 zs = 0 f = 0 IDAT size = 18345 Output IDAT size = 18345 bytes (3675 bytes decrease) Output file size = 18423 bytes (3699 bytes = 16.72% decrease) Quitting from lines 256-264 [unnamed-chunk-20] (rrMixture.Rmd) Error: processing vignette 'rrMixture.Rmd' failed with diagnostics: could not find function "rrr" --- failed re-building ‘rrMixture.Rmd’ SUMMARY: processing the following file failed: ‘rrMixture.Rmd’ Error: Vignette re-building failed. Execution halted Flavor: r-devel-linux-x86_64-debian-gcc