CRAN Package Check Results for Package rprojroot

Last updated on 2021-12-06 14:54:03 CET.

Flavor Version Tinstall Tcheck Ttotal Status Flags
r-devel-linux-x86_64-debian-clang 2.0.2 1.93 35.02 36.95 NOTE
r-devel-linux-x86_64-debian-gcc 2.0.2 2.02 27.95 29.97 NOTE
r-devel-linux-x86_64-fedora-clang 2.0.2 47.90 NOTE
r-devel-linux-x86_64-fedora-gcc 2.0.2 36.71 NOTE
r-devel-windows-x86_64-new-UL 2.0.2 14.00 64.00 78.00 NOTE
r-devel-windows-x86_64-new-TK 2.0.2 NOTE
r-devel-windows-x86_64-old 2.0.2 6.00 37.00 43.00 NOTE
r-patched-linux-x86_64 2.0.2 2.31 25.80 28.11 NOTE
r-release-linux-x86_64 2.0.2 2.65 33.51 36.16 NOTE
r-release-macos-arm64 2.0.2 NOTE
r-release-macos-x86_64 2.0.2 NOTE
r-release-windows-ix86+x86_64 2.0.2 6.00 45.00 51.00 NOTE
r-oldrel-macos-x86_64 2.0.2 OK
r-oldrel-windows-ix86+x86_64 2.0.2 17.00 46.00 63.00 OK

Check Details

Version: 2.0.2
Check: LazyData
Result: NOTE
     'LazyData' is specified without a 'data' directory
Flavors: r-devel-linux-x86_64-debian-clang, r-devel-linux-x86_64-debian-gcc, r-devel-linux-x86_64-fedora-clang, r-devel-linux-x86_64-fedora-gcc, r-devel-windows-x86_64-new-UL, r-devel-windows-x86_64-new-TK, r-devel-windows-x86_64-old, r-patched-linux-x86_64, r-release-linux-x86_64, r-release-macos-arm64, r-release-macos-x86_64, r-release-windows-ix86+x86_64