CRAN Package Check Results for Package rpms

Last updated on 2021-12-04 22:59:45 CET.

Flavor Version Tinstall Tcheck Ttotal Status Flags
r-devel-linux-x86_64-debian-clang 0.5.1 76.78 62.10 138.88 OK
r-devel-linux-x86_64-debian-gcc 0.5.1 63.09 49.06 112.15 OK
r-devel-linux-x86_64-fedora-clang 0.5.1 201.47 NOTE
r-devel-linux-x86_64-fedora-gcc 0.5.1 184.85 OK
r-devel-windows-x86_64-new-UL 0.5.1 103.00 120.00 223.00 NOTE
r-devel-windows-x86_64-new-TK 0.5.1 OK
r-devel-windows-x86_64-old 0.5.1 105.00 73.00 178.00 NOTE
r-patched-linux-x86_64 0.5.1 76.57 52.83 129.40 OK
r-release-linux-x86_64 0.5.1 70.89 52.55 123.44 OK
r-release-macos-arm64 0.5.1 NOTE
r-release-macos-x86_64 0.5.1 NOTE
r-release-windows-ix86+x86_64 0.5.1 199.00 127.00 326.00 NOTE
r-oldrel-macos-x86_64 0.5.1 NOTE
r-oldrel-windows-ix86+x86_64 0.5.1 200.00 128.00 328.00 NOTE

Check Details

Version: 0.5.1
Check: installed package size
Result: NOTE
     installed size is 9.1Mb
     sub-directories of 1Mb or more:
     data 2.4Mb
     libs 5.2Mb
Flavors: r-devel-linux-x86_64-fedora-clang, r-devel-windows-x86_64-new-UL, r-devel-windows-x86_64-old, r-release-macos-arm64, r-release-macos-x86_64, r-release-windows-ix86+x86_64, r-oldrel-macos-x86_64, r-oldrel-windows-ix86+x86_64