CRAN Package Check Results for Package rpf

Last updated on 2019-05-22 20:48:06 CEST.

Flavor Version Tinstall Tcheck Ttotal Status Flags
r-devel-linux-x86_64-debian-clang 0.62 40.66 61.54 102.20 OK
r-devel-linux-x86_64-debian-gcc 0.62 28.63 47.72 76.35 OK
r-devel-linux-x86_64-fedora-clang 0.62 140.06 NOTE
r-devel-linux-x86_64-fedora-gcc 0.62 116.85 OK
r-devel-windows-ix86+x86_64 0.62 56.00 129.00 185.00 OK
r-patched-linux-x86_64 0.62 35.55 60.30 95.85 OK
r-patched-solaris-x86 0.62 144.30 ERROR
r-release-linux-x86_64 0.62 36.20 61.29 97.49 OK
r-release-windows-ix86+x86_64 0.62 75.00 134.00 209.00 OK
r-release-osx-x86_64 0.62 NOTE
r-oldrel-windows-ix86+x86_64 0.62 51.00 88.00 139.00 OK
r-oldrel-osx-x86_64 0.62 NOTE

Check Details

Version: 0.62
Check: installed package size
Result: NOTE
     installed size is 8.3Mb
     sub-directories of 1Mb or more:
     libs 7.4Mb
Flavors: r-devel-linux-x86_64-fedora-clang, r-release-osx-x86_64, r-oldrel-osx-x86_64

Version: 0.62
Check: tests
Result: ERROR
     Running ‘testthat.R’ [16s/24s]
    Running the tests in ‘tests/testthat.R’ failed.
    Complete output:
     > library(testthat)
     > library(rpf)
     Loading required package: parallel
     >
     > test_check("rpf")
     ── 1. Failure: (unknown) (@test-weightColumn.R#30) ────────────────────────────
     grp1$score[, 1] not equal to grp2$score[, 1].
     1000/1000 mismatches (average diff: 24.4)
     [1] -1.269 - -1.1953 == -0.074
     [2] -1.269 - 0.0170 == -1.286
     [3] -1.269 - -1.4506 == 0.181
     [4] 0.867 - -3.2433 == 4.110
     [5] 0.867 - 0.0407 == 0.826
     [6] 0.867 - -0.6064 == 1.473
     [7] 0.867 - -120.0968 == 120.964
     [8] 0.867 - -0.6231 == 1.490
     [9] 0.867 - -0.6231 == 1.490
     ...
    
     ══ testthat results ═══════════════════════════════════════════════════════════
     OK: 375 SKIPPED: 0 WARNINGS: 0 FAILED: 1
     1. Failure: (unknown) (@test-weightColumn.R#30)
    
     Error: testthat unit tests failed
     Execution halted
Flavor: r-patched-solaris-x86