CRAN Package Check Results for Package rpf

Last updated on 2019-03-20 22:48:09 CET.

Flavor Version Tinstall Tcheck Ttotal Status Flags
r-devel-linux-x86_64-debian-clang 0.60 38.19 63.90 102.09 OK
r-devel-linux-x86_64-debian-gcc 0.60 29.10 48.19 77.29 OK
r-devel-linux-x86_64-fedora-clang 0.60 133.12 NOTE
r-devel-linux-x86_64-fedora-gcc 0.60 119.44 OK
r-devel-windows-ix86+x86_64 0.60 76.00 181.00 257.00 OK
r-patched-linux-x86_64 0.60 33.86 57.27 91.13 OK
r-patched-solaris-x86 0.60 132.30 OK
r-release-linux-x86_64 0.60 32.48 57.96 90.44 OK
r-release-windows-ix86+x86_64 0.60 76.00 119.00 195.00 OK
r-release-osx-x86_64 0.60 NOTE
r-oldrel-windows-ix86+x86_64 0.60 62.00 126.00 188.00 OK
r-oldrel-osx-x86_64 0.60 NOTE

Additional issues

rchk

Check Details

Version: 0.60
Check: installed package size
Result: NOTE
     installed size is 9.1Mb
     sub-directories of 1Mb or more:
     libs 8.2Mb
Flavors: r-devel-linux-x86_64-fedora-clang, r-release-osx-x86_64, r-oldrel-osx-x86_64