Last updated on 2023-02-03 06:50:31 CET.
Flavor | Version | Tinstall | Tcheck | Ttotal | Status | Flags |
---|---|---|---|---|---|---|
r-devel-linux-x86_64-debian-clang | 4.1.19 | 12.17 | 71.69 | 83.86 | OK | |
r-devel-linux-x86_64-debian-gcc | 4.1.19 | 8.25 | 55.51 | 63.76 | OK | |
r-devel-linux-x86_64-fedora-clang | 4.1.19 | 109.71 | NOTE | |||
r-devel-linux-x86_64-fedora-gcc | 4.1.19 | 124.87 | OK | |||
r-patched-linux-x86_64 | 4.1.19 | 11.80 | 67.70 | 79.50 | OK | |
r-release-linux-x86_64 | 4.1.19 | 8.41 | 67.52 | 75.93 | OK | |
r-release-macos-arm64 | 4.1.19 | 49.00 | OK | |||
r-release-macos-x86_64 | 4.1.19 | 77.00 | OK | |||
r-release-windows-x86_64 | 4.1.19 | 64.00 | 141.00 | 205.00 | OK | |
r-oldrel-macos-arm64 | 4.1.19 | 48.00 | OK | |||
r-oldrel-macos-x86_64 | 4.1.19 | 85.00 | OK | |||
r-oldrel-windows-ix86+x86_64 | 4.1.19 | 42.00 | 137.00 | 179.00 | OK |
Version: 4.1.19
Check: Rd cross-references
Result: NOTE
Undeclared package ‘tree’ in Rd xrefs
Flavor: r-devel-linux-x86_64-fedora-clang