CRAN Package Check Results for Package rpart.LAD

Last updated on 2023-03-27 08:51:25 CEST.

Flavor Version Tinstall Tcheck Ttotal Status Flags
r-devel-linux-x86_64-debian-clang 0.1.2 24.33 28.86 53.19 NOTE
r-devel-linux-x86_64-debian-gcc 0.1.2 20.57 22.88 43.45 NOTE
r-devel-linux-x86_64-fedora-clang 0.1.2 81.72 NOTE
r-devel-linux-x86_64-fedora-gcc 0.1.2 68.33 NOTE
r-patched-linux-x86_64 0.1.2 21.44 28.41 49.85 NOTE
r-release-linux-x86_64 0.1.2 21.39 29.25 50.64 NOTE
r-release-macos-arm64 0.1.2 22.00 NOTE
r-release-macos-x86_64 0.1.2 32.00 NOTE
r-release-windows-x86_64 0.1.2 25.00 81.00 106.00 NOTE
r-oldrel-macos-arm64 0.1.2 25.00 NOTE
r-oldrel-macos-x86_64 0.1.2 45.00 NOTE
r-oldrel-windows-ix86+x86_64 0.1.2 64.00 88.00 152.00 NOTE

Check Details

Version: 0.1.2
Check: C++ specification
Result: NOTE
     Specified C++11: please drop specification unless essential
Flavors: r-devel-linux-x86_64-debian-clang, r-devel-linux-x86_64-debian-gcc, r-devel-linux-x86_64-fedora-clang, r-devel-linux-x86_64-fedora-gcc, r-patched-linux-x86_64

Version: 0.1.2
Check: LazyData
Result: NOTE
     'LazyData' is specified without a 'data' directory
Flavors: r-devel-linux-x86_64-debian-clang, r-devel-linux-x86_64-debian-gcc, r-devel-linux-x86_64-fedora-clang, r-devel-linux-x86_64-fedora-gcc, r-patched-linux-x86_64, r-release-linux-x86_64, r-release-macos-arm64, r-release-macos-x86_64, r-release-windows-x86_64, r-oldrel-macos-arm64, r-oldrel-macos-x86_64, r-oldrel-windows-ix86+x86_64