Last updated on 2023-06-06 17:00:55 CEST.
Flavor | Version | Tinstall | Tcheck | Ttotal | Status | Flags |
---|---|---|---|---|---|---|
r-devel-linux-x86_64-debian-clang | 7.2.3 | 21.34 | 160.55 | 181.89 | NOTE | |
r-devel-linux-x86_64-debian-gcc | 7.2.3 | 19.62 | 121.92 | 141.54 | NOTE | |
r-devel-linux-x86_64-fedora-clang | 7.2.3 | 250.58 | NOTE | |||
r-devel-linux-x86_64-fedora-gcc | 7.2.3 | 231.63 | NOTE | |||
r-devel-windows-x86_64 | 7.2.3 | 22.00 | 159.00 | 181.00 | NOTE | |
r-patched-linux-x86_64 | 7.2.3 | 24.95 | 153.45 | 178.40 | NOTE | |
r-release-linux-x86_64 | 7.2.3 | 18.56 | 151.87 | 170.43 | NOTE | |
r-release-macos-arm64 | 7.2.3 | 74.00 | NOTE | |||
r-release-macos-x86_64 | 7.2.3 | 133.00 | NOTE | |||
r-release-windows-x86_64 | 7.2.3 | 29.00 | 190.00 | 219.00 | NOTE | |
r-oldrel-macos-arm64 | 7.2.3 | 63.00 | OK | |||
r-oldrel-macos-x86_64 | 7.2.3 | 71.00 | OK | |||
r-oldrel-windows-x86_64 | 7.2.3 | 28.00 | 187.00 | 215.00 | OK |
Version: 7.2.3
Check: C++ specification
Result: NOTE
Specified C++11: please drop specification unless essential
Flavors: r-devel-linux-x86_64-debian-clang, r-devel-linux-x86_64-debian-gcc, r-devel-linux-x86_64-fedora-clang, r-devel-linux-x86_64-fedora-gcc, r-devel-windows-x86_64, r-patched-linux-x86_64, r-release-linux-x86_64, r-release-macos-arm64, r-release-macos-x86_64, r-release-windows-x86_64