CRAN Package Check Results for Package routr

Last updated on 2020-10-27 18:51:33 CET.

Flavor Version Tinstall Tcheck Ttotal Status Flags
r-devel-linux-x86_64-debian-clang 0.4.0 4.53 35.13 39.66 OK
r-devel-linux-x86_64-debian-gcc 0.4.0 3.93 28.02 31.95 OK
r-devel-linux-x86_64-fedora-clang 0.4.0 57.25 NOTE
r-devel-linux-x86_64-fedora-gcc 0.4.0 48.91 NOTE
r-devel-windows-ix86+x86_64 0.4.0 11.00 45.00 56.00 OK
r-patched-linux-x86_64 0.4.0 OK
r-patched-solaris-x86 0.4.0 73.80 NOTE
r-release-linux-x86_64 0.4.0 5.08 33.33 38.41 OK
r-release-macos-x86_64 0.4.0 NOTE
r-release-windows-ix86+x86_64 0.4.0 9.00 44.00 53.00 OK
r-oldrel-macos-x86_64 0.4.0 NOTE
r-oldrel-windows-ix86+x86_64 0.4.0 9.00 57.00 66.00 OK

Check Details

Version: 0.4.0
Check: dependencies in R code
Result: NOTE
    Namespaces in Imports field not imported from:
     ‘httpuv’ ‘utils’
     All declared Imports should be used.
Flavors: r-devel-linux-x86_64-fedora-clang, r-devel-linux-x86_64-fedora-gcc, r-patched-solaris-x86, r-release-macos-x86_64, r-oldrel-macos-x86_64