Last updated on 2021-03-05 11:51:48 CET.
Flavor | Version | Tinstall | Tcheck | Ttotal | Status | Flags |
---|---|---|---|---|---|---|
r-devel-linux-x86_64-debian-clang | 0.4.0 | 5.57 | 36.11 | 41.68 | OK | |
r-devel-linux-x86_64-debian-gcc | 0.4.0 | 3.87 | 29.43 | 33.30 | OK | |
r-devel-linux-x86_64-fedora-clang | 0.4.0 | 58.99 | NOTE | |||
r-devel-linux-x86_64-fedora-gcc | 0.4.0 | 48.37 | NOTE | |||
r-devel-windows-ix86+x86_64 | 0.4.0 | 11.00 | 55.00 | 66.00 | OK | |
r-patched-linux-x86_64 | 0.4.0 | OK | ||||
r-patched-solaris-x86 | 0.4.0 | 76.70 | NOTE | |||
r-release-linux-x86_64 | 0.4.0 | 4.15 | 34.77 | 38.92 | OK | |
r-release-macos-x86_64 | 0.4.0 | NOTE | ||||
r-release-windows-ix86+x86_64 | 0.4.0 | 9.00 | 44.00 | 53.00 | OK | |
r-oldrel-macos-x86_64 | 0.4.0 | NOTE | ||||
r-oldrel-windows-ix86+x86_64 | 0.4.0 | 7.00 | 42.00 | 49.00 | OK |
Version: 0.4.0
Check: dependencies in R code
Result: NOTE
Namespaces in Imports field not imported from:
‘httpuv’ ‘utils’
All declared Imports should be used.
Flavors: r-devel-linux-x86_64-fedora-clang, r-devel-linux-x86_64-fedora-gcc, r-patched-solaris-x86, r-release-macos-x86_64, r-oldrel-macos-x86_64