CRAN Package Check Results for Package roptions

Last updated on 2024-02-27 00:59:28 CET.

Flavor Version Tinstall Tcheck Ttotal Status Flags
r-devel-linux-x86_64-debian-clang 1.0.3 8.47 60.52 68.99 NOTE
r-devel-linux-x86_64-debian-gcc 1.0.3 6.11 48.35 54.46 NOTE
r-devel-linux-x86_64-fedora-clang 1.0.3 89.50 NOTE
r-devel-linux-x86_64-fedora-gcc 1.0.3 83.06 NOTE
r-devel-windows-x86_64 1.0.3 8.00 71.00 79.00 NOTE
r-patched-linux-x86_64 1.0.3 5.51 60.88 66.39 NOTE
r-release-linux-x86_64 1.0.3 4.88 61.66 66.54 NOTE
r-release-macos-arm64 1.0.3 28.00 NOTE
r-release-macos-x86_64 1.0.3 44.00 NOTE
r-release-windows-x86_64 1.0.3 10.00 80.00 90.00 NOTE
r-oldrel-macos-arm64 1.0.3 30.00 NOTE
r-oldrel-windows-x86_64 1.0.3 11.00 83.00 94.00 NOTE

Check Details

Version: 1.0.3
Check: LazyData
Result: NOTE 'LazyData' is specified without a 'data' directory Flavors: r-devel-linux-x86_64-debian-clang, r-devel-linux-x86_64-debian-gcc, r-devel-linux-x86_64-fedora-clang, r-devel-linux-x86_64-fedora-gcc, r-devel-windows-x86_64, r-patched-linux-x86_64, r-release-linux-x86_64, r-release-macos-arm64, r-release-macos-x86_64, r-release-windows-x86_64, r-oldrel-macos-arm64, r-oldrel-windows-x86_64